{"id":71930,"date":"2024-07-11T10:30:58","date_gmt":"2024-07-11T10:30:58","guid":{"rendered":"https:\/\/prvi-vfc.org\/web\/?page_id=71930"},"modified":"2026-04-16T10:47:35","modified_gmt":"2026-04-16T10:47:35","slug":"parte-97","status":"publish","type":"page","link":"https:\/\/prvi-vfc.org\/web\/parte-97\/","title":{"rendered":"Parte 97"},"content":{"rendered":"<p>[et_pb_section fb_built=&#8221;1&#8243; _builder_version=&#8221;4.25.2&#8243; _module_preset=&#8221;default&#8221; custom_padding=&#8221;26px|0px|6px|||&#8221; global_colors_info=&#8221;{}&#8221;][et_pb_row _builder_version=&#8221;4.25.2&#8243; _module_preset=&#8221;default&#8221; min_height=&#8221;2053.3px&#8221; custom_margin=&#8221;|auto|10px|auto||&#8221; custom_padding=&#8221;||34px|||&#8221; global_colors_info=&#8221;{}&#8221;][et_pb_column type=&#8221;4_4&#8243; _builder_version=&#8221;4.25.2&#8243; _module_preset=&#8221;default&#8221; global_colors_info=&#8221;{}&#8221;][et_pb_image src=&#8221;https:\/\/prvi-vfc.org\/web\/wp-content\/uploads\/2026\/04\/Emblema-del-servicio-de-radioaficionados.png&#8221; _builder_version=&#8221;4.25.2&#8243; _module_preset=&#8221;default&#8221; width=&#8221;41%&#8221; max_width=&#8221;41%&#8221; module_alignment=&#8221;center&#8221; custom_margin=&#8221;-98px|264px|-138px|||&#8221; custom_padding=&#8221;0px||0px|||&#8221; hover_enabled=&#8221;0&#8243; global_colors_info=&#8221;{}&#8221; animation_style=&#8221;zoom&#8221; animation_duration=&#8221;1500ms&#8221; sticky_enabled=&#8221;0&#8243;][\/et_pb_image][et_pb_text _builder_version=&#8221;4.25.2&#8243; _module_preset=&#8221;default&#8221; text_font=&#8221;Mandali||||||||&#8221; text_text_color=&#8221;#000000&#8243; text_font_size=&#8221;19px&#8221; text_line_height=&#8221;1.8em&#8221; custom_padding=&#8221;28px|||||&#8221; animation_style=&#8221;zoom&#8221; animation_intensity_zoom=&#8221;7%&#8221; global_colors_info=&#8221;{}&#8221;]<\/p>\n<h3><span style=\"color: #000080;\"><strong><span style=\"vertical-align: inherit; color: #ff0000;\"><span style=\"vertical-align: inherit;\">97.205<\/span><\/span><span style=\"vertical-align: inherit;\"><span style=\"vertical-align: inherit;\"> Estaciones repetidoras<\/span><\/span><\/strong><\/span><\/h3>\n<p><span style=\"color: #000080;\"><strong><span style=\"vertical-align: inherit;\"><span style=\"vertical-align: inherit;\">(a)<\/span><\/span><\/strong><\/span><span><span style=\"vertical-align: inherit;\"><span style=\"vertical-align: inherit;\"> \u00a0Cualquier estaci\u00f3n de radioaficionado licenciada al poseedor de una licencia Technician, General, Advanced o Amateur Extra Class puede ser un repetidor. El poseedor de una licencia de la clase Technician, General, Advanced o Amateur Extra puede ser el operador de control de un repetidor sujeto a los privilegios que le concede la licencia que posee.\u00a0<\/span><\/span><\/span><\/p>\n<p><span style=\"color: #000080;\"><span style=\"vertical-align: inherit;\"><span style=\"vertical-align: inherit;\">(b)<\/span><\/span><\/span><span><span style=\"vertical-align: inherit;\"><span style=\"vertical-align: inherit;\"> \u00a0Un repetidor puede recibir y transmitir solamente en las bandas de frecuencia de 10 metros o m\u00e1s altas excepto en los segmentos de 28.0-29.5 MHz, 50.0-51.0 MHz, 144.0-144.5 MHz, 145.5-146.0 MHz, 222.00-222.15 MHz, 431.0-433.0 Mhz, y 435.0-438.0 Mhz.<\/span><\/span><\/span><\/p>\n<p><span style=\"color: #000080;\"><strong><span style=\"vertical-align: inherit;\"><span style=\"vertical-align: inherit;\">(c)<\/span><\/span><\/strong><\/span><span><span style=\"vertical-align: inherit;\"><span style=\"vertical-align: inherit;\"> \u00a0Donde la transmisi\u00f3n de un repetidor cause interferencia da\u00f1ina a otro repetidor, los due\u00f1os de ambos repetidores son igual y completamente responsables de resolver la interferencia a menos que la operaci\u00f3n de un repetidor est\u00e9 recomendada por el coordinador de frecuencias y la del otro no. . En este caso el due\u00f1o del repetidor no coordinado tiene la responsabilidad primaria de resolver la interferencia.<\/span><\/span><\/span><\/p>\n<p><span style=\"color: #000080;\"><strong><span style=\"vertical-align: inherit;\"><span style=\"vertical-align: inherit;\">(d)<\/span><\/span><\/strong><\/span><span><span style=\"vertical-align: inherit;\"><span style=\"vertical-align: inherit;\"> \u00a0Un repetidor puede ser controlado autom\u00e1ticamente.<\/span><\/span><\/span><\/p>\n<p><span style=\"color: #000080;\"><strong><span style=\"vertical-align: inherit;\"><span style=\"vertical-align: inherit;\">(e)<\/span><\/span><\/strong><\/span><span><span style=\"vertical-align: inherit;\"><span style=\"vertical-align: inherit;\"> \u00a0Funciones auxiliares (\u201cancillary\u201d) de un repetidor que est\u00e9n disponibles para los usuarios en el canal de entrada no se consideran funciones remotamente controladas de la estaci\u00f3n. Se permite limitar el uso de un repetidor a ciertos usuarios \u00fanicamente.<\/span><\/span><\/span><\/p>\n<p><span style=\"color: #000080;\"><strong><span style=\"vertical-align: inherit;\"><span style=\"vertical-align: inherit;\">(f)<\/span><\/span><\/strong><\/span><span><span style=\"vertical-align: inherit;\"><span style=\"vertical-align: inherit;\"> \u00a0[Reservada]<\/span><\/span><\/span><\/p>\n<p><span style=\"color: #000080;\"><strong><span style=\"vertical-align: inherit;\"><span style=\"vertical-align: inherit;\">(g)<\/span><\/span><\/strong><\/span><span><span style=\"vertical-align: inherit;\"><span style=\"vertical-align: inherit;\"> \u00a0El operador de control de un repetidor que retransmita inadvertidamente comunicaciones que violen las reglas de esta Parte no es responsable por las comunicaciones en violaci\u00f3n.<\/span><\/span><\/span><\/p>\n<p><span style=\"color: #000080;\"><strong><span style=\"vertical-align: inherit;\"><span style=\"vertical-align: inherit;\">(h)<\/span><\/span><\/strong><\/span><span><span style=\"vertical-align: inherit;\"><span style=\"vertical-align: inherit;\"> \u00a0Las disposiciones de este p\u00e1rrafo no se aplican a repetidores que transmitan en las bandas de 1,2 cm o m\u00e1s cortas. Antes de establecer un repetidor dentro de los 16 kil\u00f3metros (10 millas) del Observatorio de Arecibo o antes de cambiar la frecuencia de transmisi\u00f3n, la potencia de transmisi\u00f3n, el alto o la direcci\u00f3n de la antena de un repetidor existente, el operador licenciado tiene que notificar por escrito o electr\u00f3nicamente, los par\u00e1metros t\u00e9cnicos del propuesto cambio, por lo menos con 20 d\u00edas de anticipaci\u00f3n a la operaci\u00f3n planeada a \u201cInterference Office, Arecibo Observatory, Post Office Box 995, Arecibo, Puerto Rico 00613\u201d. Si se selecciona la transmisi\u00f3n electr\u00f3nica de la informaci\u00f3n se debe utilizar el correo electr\u00f3nico: prcz@naic.edu<\/span><\/span><\/span><\/p>\n<p><span><span style=\"vertical-align: inherit;\"><span style=\"vertical-align: inherit;\"><strong><span style=\"color: #000080;\">(1)<\/span> <\/strong>La notificaci\u00f3n debe incluir las coordenadas geogr\u00e1ficas de la antena (dato NAD-83), Altura de la antena sobre el nivel del mar (AMSL), el centro de radiaci\u00f3n de la antena sobre el nivel de la tierra (AGL), direccionabilidad y ganancia de la antena, la frecuencia propuesta y la Parte de la Regla de la FCC, tipo de emisi\u00f3n, potencia de radiaci\u00f3n efectiva y si el uso propuesto es itinerante. Los radioaficionados licenciados pueden consultar las normas que provee la Universidad de Cornell.<\/span><\/span><\/span><\/p>\n<p><span><span style=\"vertical-align: inherit;\"><span style=\"vertical-align: inherit;\"><strong><span style=\"color: #000080;\">(2)<\/span><\/strong> Si la FCC recibe del Observatorio de Arecibo una objeci\u00f3n a la operaci\u00f3n propuesta dentro de 20 d\u00edas de la fecha de la notificaci\u00f3n, la FCC considerar\u00e1 todos los aspectos del problema y tomar\u00e1 la acci\u00f3n que cree apropiada. Se requiere que el operador licenciado haga los esfuerzos razonables para resolver o mitigar cualquier problema de interferencia potencial con el Observatorio de Arecibo.<\/span><\/span><\/span><\/p>\n<h3><span style=\"color: #ff0000;\"><strong><span style=\"vertical-align: inherit;\"><span style=\"vertical-align: inherit;\">PARTE 97. 3 Definiciones\u00a0\u00a0<\/span><\/span><\/strong><\/span><\/h3>\n<p><span><span style=\"vertical-align: inherit; color: #ff0000;\"><span style=\"vertical-align: inherit;\">(22) <\/span><\/span><strong><span style=\"vertical-align: inherit;\"><span style=\"vertical-align: inherit;\"><span style=\"color: #ff0000;\">Coordinador de frecuencias<\/span>&#8211;<\/span><\/span><\/strong><span style=\"vertical-align: inherit;\"><span style=\"vertical-align: inherit;\"> Una entidad, reconocida en un \u00e1rea local o regional por radioaficionados cuyas estaciones son elegibles para ser estaciones auxiliares o repetidoras, que recomienda los canales para transmitir y recibir y los par\u00e1metros t\u00e9cnicos asociados para estaciones con el prop\u00f3sito de evitar o minimizar interferencias potenciales.<\/span><\/span><\/span><\/p>\n<p><span style=\"color: #000080;\"><strong><span style=\"vertical-align: inherit;\"><span style=\"vertical-align: inherit;\">Nota:<\/span><\/span><\/strong><\/span><span><span style=\"vertical-align: inherit;\"><span style=\"vertical-align: inherit;\"> Al celebrar asambleas para discutir temas sobre las coordinaciones de la comunidad de fideicomisarios son los representantes de la comunidad general de radioaficionados de Puerto Rico e Islas V\u00edrgenes.<\/span><\/span><\/span><\/p>\n<p>[\/et_pb_text][et_pb_image src=&#8221;https:\/\/prvi-vfc.org\/web\/wp-content\/uploads\/2024\/07\/The-FCC-USA-Logo.png&#8221; url=&#8221;https:\/\/www.ecfr.gov\/current\/title-47\/chapter-I\/subchapter-D\/part-97&#8243; url_new_window=&#8221;on&#8221; align=&#8221;center&#8221; _builder_version=&#8221;4.25.2&#8243; _module_preset=&#8221;default&#8221; width=&#8221;58%&#8221; max_width=&#8221;41%&#8221; animation_style=&#8221;zoom&#8221; animation_intensity_zoom=&#8221;7%&#8221; box_shadow_style=&#8221;preset6&#8243; box_shadow_blur=&#8221;31px&#8221; box_shadow_spread=&#8221;10px&#8221; box_shadow_color=&#8221;#FFFFFF&#8221; global_colors_info=&#8221;{}&#8221;][\/et_pb_image][\/et_pb_column][\/et_pb_row][et_pb_row _builder_version=&#8221;4.25.2&#8243; _module_preset=&#8221;default&#8221; custom_margin=&#8221;-38px|auto||auto||&#8221; global_colors_info=&#8221;{}&#8221;][et_pb_column type=&#8221;4_4&#8243; _builder_version=&#8221;4.25.2&#8243; _module_preset=&#8221;default&#8221; global_colors_info=&#8221;{}&#8221;][et_pb_text _builder_version=&#8221;4.25.2&#8243; _module_preset=&#8221;default&#8221; text_font=&#8221;Mandali||||||||&#8221; text_font_size=&#8221;22px&#8221; text_line_height=&#8221;1.8em&#8221; custom_margin=&#8221;-7px|||||&#8221; animation_style=&#8221;zoom&#8221; animation_intensity_zoom=&#8221;9%&#8221; global_colors_info=&#8221;{}&#8221;]<\/p>\n<p>Para m\u00e1s <span style=\"color: #000000;\"><strong>informaci\u00f3n sobre la Parte 97 del reglamento de la FCC<\/strong> <\/span>dar un <strong><span style=\"color: #ff0000;\">clic<\/span><\/strong> sobre la <strong><span style=\"color: #000080;\">imagen del logo de la FCC<\/span><\/strong><\/p>\n<p><strong><span style=\"color: #000080;\"><\/span><\/strong><\/p>\n<p><strong><span style=\"color: #000080;\"><\/span><\/strong><\/p>\n<p>[\/et_pb_text][\/et_pb_column][\/et_pb_row][et_pb_row _builder_version=&#8221;4.25.2&#8243; _module_preset=&#8221;default&#8221; custom_margin=&#8221;-56px|auto||auto||&#8221; global_colors_info=&#8221;{}&#8221;][et_pb_column type=&#8221;4_4&#8243; _builder_version=&#8221;4.25.2&#8243; _module_preset=&#8221;default&#8221; global_colors_info=&#8221;{}&#8221;][et_pb_text _builder_version=&#8221;4.25.2&#8243; _module_preset=&#8221;default&#8221; text_text_shadow_style=&#8221;preset3&#8243; text_text_shadow_color=&#8221;#0C71C3&#8243; global_colors_info=&#8221;{}&#8221;]<\/p>\n<h2 style=\"text-align: center;\"><strong><span style=\"color: #000080;\">Derechos Reservados 2026<\/span><span>\u00a0<\/span><span style=\"color: #ff0000;\">PRVIVFC<\/span><\/strong><\/h2>\n<p>[\/et_pb_text][\/et_pb_column][\/et_pb_row][\/et_pb_section]<\/p>\n","protected":false},"excerpt":{"rendered":"<p>97.205 Estaciones repetidoras (a) \u00a0Cualquier estaci\u00f3n de radioaficionado licenciada al poseedor de una licencia Technician, General, Advanced o Amateur Extra Class puede ser un repetidor. El poseedor de una licencia de la clase Technician, General, Advanced o Amateur Extra puede ser el operador de control de un repetidor sujeto a los privilegios que le concede [&hellip;]<\/p>\n","protected":false},"author":2,"featured_media":0,"parent":0,"menu_order":0,"comment_status":"closed","ping_status":"closed","template":"","meta":{"_et_pb_use_builder":"on","_et_pb_old_content":"","_et_gb_content_width":"","footnotes":""},"class_list":["post-71930","page","type-page","status-publish","hentry"],"_links":{"self":[{"href":"https:\/\/prvi-vfc.org\/web\/wp-json\/wp\/v2\/pages\/71930","targetHints":{"allow":["GET"]}}],"collection":[{"href":"https:\/\/prvi-vfc.org\/web\/wp-json\/wp\/v2\/pages"}],"about":[{"href":"https:\/\/prvi-vfc.org\/web\/wp-json\/wp\/v2\/types\/page"}],"author":[{"embeddable":true,"href":"https:\/\/prvi-vfc.org\/web\/wp-json\/wp\/v2\/users\/2"}],"replies":[{"embeddable":true,"href":"https:\/\/prvi-vfc.org\/web\/wp-json\/wp\/v2\/comments?post=71930"}],"version-history":[{"count":21,"href":"https:\/\/prvi-vfc.org\/web\/wp-json\/wp\/v2\/pages\/71930\/revisions"}],"predecessor-version":[{"id":231435,"href":"https:\/\/prvi-vfc.org\/web\/wp-json\/wp\/v2\/pages\/71930\/revisions\/231435"}],"wp:attachment":[{"href":"https:\/\/prvi-vfc.org\/web\/wp-json\/wp\/v2\/media?parent=71930"}],"curies":[{"name":"wp","href":"https:\/\/api.w.org\/{rel}","templated":true}]}}