{"id":71900,"date":"2024-07-10T23:15:25","date_gmt":"2024-07-10T23:15:25","guid":{"rendered":"https:\/\/prvi-vfc.org\/web\/?page_id=71900"},"modified":"2026-04-16T10:34:02","modified_gmt":"2026-04-16T10:34:02","slug":"rendimiento-al-departamento-de-estado","status":"publish","type":"page","link":"https:\/\/prvi-vfc.org\/web\/rendimiento-al-departamento-de-estado\/","title":{"rendered":"Rendimiento al Departamento de Estado"},"content":{"rendered":"<p>[et_pb_section fb_built=&#8221;1&#8243; _builder_version=&#8221;4.25.2&#8243; _module_preset=&#8221;default&#8221; min_height=&#8221;722px&#8221; custom_padding=&#8221;14px|||||&#8221; global_colors_info=&#8221;{}&#8221;][et_pb_row _builder_version=&#8221;4.25.2&#8243; _module_preset=&#8221;default&#8221; custom_padding=&#8221;16px|||||&#8221; global_colors_info=&#8221;{}&#8221;][et_pb_column type=&#8221;4_4&#8243; _builder_version=&#8221;4.25.2&#8243; _module_preset=&#8221;default&#8221; global_colors_info=&#8221;{}&#8221;][et_pb_text _builder_version=&#8221;4.25.2&#8243; _module_preset=&#8221;default&#8221; animation_style=&#8221;zoom&#8221; animation_duration=&#8221;1150ms&#8221; animation_intensity_zoom=&#8221;11%&#8221; text_text_shadow_style=&#8221;preset3&#8243; text_text_shadow_color=&#8221;#0C71C3&#8243; global_colors_info=&#8221;{}&#8221;]<\/p>\n<h1 style=\"text-align: center;\"><span style=\"color: #000080;\"><strong>Rendimiento al Departamento de Estado\u00a0<\/strong><\/span><\/h1>\n<p>[\/et_pb_text][et_pb_image src=&#8221;https:\/\/prvi-vfc.org\/web\/wp-content\/uploads\/2026\/04\/Reunion-de-operadores-con-funcionario-gubernamental.png&#8221; align=&#8221;center&#8221; _builder_version=&#8221;4.25.2&#8243; _module_preset=&#8221;default&#8221; width=&#8221;81%&#8221; max_width=&#8221;81%&#8221; animation_style=&#8221;zoom&#8221; animation_duration=&#8221;1750ms&#8221; animation_intensity_zoom=&#8221;37%&#8221; hover_enabled=&#8221;0&#8243; box_shadow_style=&#8221;preset1&#8243; box_shadow_color=&#8221;#0C71C3&#8243; global_colors_info=&#8221;{}&#8221; sticky_enabled=&#8221;0&#8243;][\/et_pb_image][\/et_pb_column][\/et_pb_row][et_pb_row _builder_version=&#8221;4.25.2&#8243; _module_preset=&#8221;default&#8221; custom_margin=&#8221;-32px|auto|-32px|auto||&#8221; global_colors_info=&#8221;{}&#8221;][et_pb_column type=&#8221;4_4&#8243; _builder_version=&#8221;4.25.2&#8243; _module_preset=&#8221;default&#8221; global_colors_info=&#8221;{}&#8221;][et_pb_text _builder_version=&#8221;4.25.2&#8243; _module_preset=&#8221;default&#8221; text_font=&#8221;Mandali||||||||&#8221; text_text_color=&#8221;#000000&#8243; text_font_size=&#8221;18px&#8221; text_line_height=&#8221;1.8em&#8221; custom_margin=&#8221;22px||5px|||&#8221; custom_padding=&#8221;||40px|||&#8221; animation_style=&#8221;zoom&#8221; animation_intensity_zoom=&#8221;7%&#8221; global_colors_info=&#8221;{}&#8221;]<\/p>\n<p><span>\u00a0 Esta <strong>Entidad Coordinadora<\/strong>\u00a0est\u00e1 comprometida en ser una\u00a0<strong>incorporaci\u00f3n transparente<\/strong>\u00a0en todo lo relacionado a\u00a0<strong>la rendici\u00f3n de cuenta con el Departamento del Estado con su fiel cumplimiento a los procesos que dicta las leyes del gobierno de Puerto Rico<\/strong>.<\/span><\/p>\n<p>[\/et_pb_text][\/et_pb_column][\/et_pb_row][et_pb_row column_structure=&#8221;1_3,1_3,1_3&#8243; _builder_version=&#8221;4.25.2&#8243; _module_preset=&#8221;default&#8221; custom_padding=&#8221;14px||4px|||&#8221; animation_style=&#8221;zoom&#8221; global_colors_info=&#8221;{}&#8221;][et_pb_column type=&#8221;1_3&#8243; _builder_version=&#8221;4.25.2&#8243; _module_preset=&#8221;default&#8221; global_colors_info=&#8221;{}&#8221;][et_pb_image src=&#8221;https:\/\/prvi-vfc.org\/web\/wp-content\/uploads\/2026\/04\/Sello-del-Departamento-de-Estado-de-Puerto-Rico.png&#8221; url=&#8221;https:\/\/prvi-vfc.org\/web\/rendimiento-al-departamento-de-estado-1991-2016\/&#8221; url_new_window=&#8221;on&#8221; align=&#8221;center&#8221; _builder_version=&#8221;4.25.2&#8243; _module_preset=&#8221;default&#8221; hover_enabled=&#8221;0&#8243; border_width_all=&#8221;3px&#8221; box_shadow_style=&#8221;preset1&#8243; box_shadow_color=&#8221;#0C71C3&#8243; global_colors_info=&#8221;{}&#8221; sticky_enabled=&#8221;0&#8243;][\/et_pb_image][\/et_pb_column][et_pb_column type=&#8221;1_3&#8243; _builder_version=&#8221;4.25.2&#8243; _module_preset=&#8221;default&#8221; global_colors_info=&#8221;{}&#8221;][et_pb_image src=&#8221;https:\/\/prvi-vfc.org\/web\/wp-content\/uploads\/2026\/04\/Sello-del-Departamento-de-Estado-de-Puerto-Rico.png&#8221; url=&#8221;https:\/\/prvi-vfc.org\/web\/rendimiento-al-departamento-de-estado-2016-2019\/&#8221; url_new_window=&#8221;on&#8221; align=&#8221;center&#8221; _builder_version=&#8221;4.25.2&#8243; _module_preset=&#8221;default&#8221; hover_enabled=&#8221;0&#8243; border_width_all=&#8221;3px&#8221; box_shadow_style=&#8221;preset1&#8243; box_shadow_color=&#8221;#0C71C3&#8243; global_colors_info=&#8221;{}&#8221; sticky_enabled=&#8221;0&#8243;][\/et_pb_image][\/et_pb_column][et_pb_column type=&#8221;1_3&#8243; _builder_version=&#8221;4.25.2&#8243; _module_preset=&#8221;default&#8221; global_colors_info=&#8221;{}&#8221;][et_pb_image src=&#8221;https:\/\/prvi-vfc.org\/web\/wp-content\/uploads\/2026\/04\/Sello-del-Departamento-de-Estado-de-Puerto-Rico.png&#8221; url=&#8221;https:\/\/prvi-vfc.org\/web\/rendimiento-al-departamento-de-estado-2020-presente\/&#8221; url_new_window=&#8221;on&#8221; align=&#8221;center&#8221; _builder_version=&#8221;4.25.2&#8243; _module_preset=&#8221;default&#8221; min_height=&#8221;225.5px&#8221; custom_margin=&#8221;0px|||||&#8221; custom_padding=&#8221;0px|||||&#8221; hover_enabled=&#8221;0&#8243; border_width_all=&#8221;3px&#8221; box_shadow_style=&#8221;preset1&#8243; box_shadow_color=&#8221;#0C71C3&#8243; global_colors_info=&#8221;{}&#8221; sticky_enabled=&#8221;0&#8243;][\/et_pb_image][\/et_pb_column][\/et_pb_row][et_pb_row column_structure=&#8221;1_3,1_3,1_3&#8243; _builder_version=&#8221;4.25.2&#8243; _module_preset=&#8221;default&#8221; custom_padding=&#8221;6px|||||&#8221; global_colors_info=&#8221;{}&#8221;][et_pb_column type=&#8221;1_3&#8243; _builder_version=&#8221;4.25.2&#8243; _module_preset=&#8221;default&#8221; global_colors_info=&#8221;{}&#8221;][et_pb_text _builder_version=&#8221;4.25.2&#8243; _module_preset=&#8221;default&#8221; text_text_shadow_style=&#8221;preset3&#8243; text_text_shadow_color=&#8221;#0C71C3&#8243; global_colors_info=&#8221;{}&#8221;]<\/p>\n<h3 style=\"text-align: center;\"><strong>Informe 1991 &#8211; 2016<\/strong><\/h3>\n<p>[\/et_pb_text][\/et_pb_column][et_pb_column type=&#8221;1_3&#8243; _builder_version=&#8221;4.25.2&#8243; _module_preset=&#8221;default&#8221; global_colors_info=&#8221;{}&#8221;][et_pb_text _builder_version=&#8221;4.25.2&#8243; _module_preset=&#8221;default&#8221; text_text_shadow_style=&#8221;preset3&#8243; text_text_shadow_color=&#8221;#0C71C3&#8243; global_colors_info=&#8221;{}&#8221;]<\/p>\n<h3 style=\"text-align: center;\"><strong>Informe 2016 &#8211; 2019<\/strong><\/h3>\n<p>[\/et_pb_text][\/et_pb_column][et_pb_column type=&#8221;1_3&#8243; _builder_version=&#8221;4.25.2&#8243; _module_preset=&#8221;default&#8221; global_colors_info=&#8221;{}&#8221;][et_pb_text _builder_version=&#8221;4.25.2&#8243; _module_preset=&#8221;default&#8221; text_text_shadow_style=&#8221;preset3&#8243; text_text_shadow_color=&#8221;#0C71C3&#8243; global_colors_info=&#8221;{}&#8221;]<\/p>\n<h3 style=\"text-align: center;\"><strong>Informe 2020 &#8211; presente<\/strong><\/h3>\n<p>[\/et_pb_text][\/et_pb_column][\/et_pb_row][et_pb_row column_structure=&#8221;1_3,1_3,1_3&#8243; _builder_version=&#8221;4.25.2&#8243; _module_preset=&#8221;default&#8221; custom_padding=&#8221;0px||1px|||&#8221; animation_style=&#8221;zoom&#8221; animation_intensity_zoom=&#8221;7%&#8221; global_colors_info=&#8221;{}&#8221;][et_pb_column type=&#8221;1_3&#8243; _builder_version=&#8221;4.25.2&#8243; _module_preset=&#8221;default&#8221; global_colors_info=&#8221;{}&#8221;][et_pb_text _builder_version=&#8221;4.25.2&#8243; _module_preset=&#8221;default&#8221; text_font=&#8221;Mandali||||||||&#8221; text_text_color=&#8221;#000000&#8243; text_font_size=&#8221;15px&#8221; text_letter_spacing=&#8221;1px&#8221; width=&#8221;97%&#8221; max_width=&#8221;96%&#8221; custom_padding=&#8221;1px|||||&#8221; global_colors_info=&#8221;{}&#8221;]<\/p>\n<p style=\"text-align: left;\"><span>\u00a0 El <strong><span style=\"color: #ff0000;\">PRVIVFC<\/span>\u00a0<\/strong>se registr\u00f3 por primera vez en el\u00a0<strong>Departamento de Estado para el a\u00f1o 1991<\/strong>\u00a0con el n\u00famero de registro\u00a0<span style=\"color: #ff0000;\"><strong>21627<\/strong><\/span>\u00a0por el\u00a0<strong>Sr. Victor Madera KP4PQ \u2013 SK , Sr. Oscar Resto KP4RF y Carlos E. P\u00e9rez<\/strong><\/span><\/p>\n<p>&nbsp;<\/p>\n<p>[\/et_pb_text][\/et_pb_column][et_pb_column type=&#8221;1_3&#8243; _builder_version=&#8221;4.25.2&#8243; _module_preset=&#8221;default&#8221; global_colors_info=&#8221;{}&#8221;][et_pb_text _builder_version=&#8221;4.25.2&#8243; _module_preset=&#8221;default&#8221; text_font=&#8221;Mandali||||||||&#8221; text_font_size=&#8221;15px&#8221; text_line_height=&#8221;1.9em&#8221; global_colors_info=&#8221;{}&#8221;]<\/p>\n<p><span>\u00a0<span style=\"color: #000000;\"> El <strong><span style=\"color: #ff0000;\">PRVIVFC<\/span>\u00a0<\/strong>se registr\u00f3 por segunda vez en el\u00a0<strong>Departamento de Estado para el a\u00f1o 2016<\/strong>\u00a0con el n\u00famero de registro\u00a0<span style=\"color: #ff0000;\"><strong>374846<\/strong><\/span>\u00a0por el\u00a0<strong>Sr. Oscar Resto KP4RF y el Sr. Iv\u00e1n Valent\u00edn KP3IV<\/strong><\/span><\/span><\/p>\n<p>&nbsp;<\/p>\n<p>[\/et_pb_text][\/et_pb_column][et_pb_column type=&#8221;1_3&#8243; _builder_version=&#8221;4.25.2&#8243; _module_preset=&#8221;default&#8221; global_colors_info=&#8221;{}&#8221;][et_pb_text _builder_version=&#8221;4.25.2&#8243; _module_preset=&#8221;default&#8221; text_font=&#8221;Mandali||||||||&#8221; text_text_color=&#8221;#000000&#8243; background_color=&#8221;#FFFFFF&#8221; custom_padding=&#8221;||0px|||&#8221; global_colors_info=&#8221;{}&#8221;]<\/p>\n<p><span>\u00a0 \u00a0El <strong><span style=\"color: #ff0000;\">PRVIVFC<\/span>\u00a0<\/strong>se registr\u00f3 por tercera vez en el\u00a0<strong>Departamento de Estado para el a\u00f1o 2020 hasta el presente\u00a0<\/strong>con el n\u00famero de registro\u00a0<span style=\"color: #ff0000;\"><strong>454441<\/strong><\/span>\u00a0por el\u00a0<strong>Sr. Julio D\u00edaz Santiago KP3JD, el Sr. Iv\u00e1n Valent\u00edn KP3IV<\/strong>\u00a0<strong>y Sr. Juan Sep\u00falveda KP3CR<\/strong><\/span><\/p>\n<p><b>\u00a0<\/b><\/p>\n<p>.<\/p>\n<p>[\/et_pb_text][\/et_pb_column][\/et_pb_row][et_pb_row _builder_version=&#8221;4.25.2&#8243; _module_preset=&#8221;default&#8221; custom_margin=&#8221;-39px|auto||auto||&#8221; global_colors_info=&#8221;{}&#8221;][et_pb_column type=&#8221;4_4&#8243; _builder_version=&#8221;4.25.2&#8243; _module_preset=&#8221;default&#8221; global_colors_info=&#8221;{}&#8221;][et_pb_text _builder_version=&#8221;4.25.2&#8243; _module_preset=&#8221;default&#8221; custom_margin=&#8221;-13px|||||&#8221; text_text_shadow_style=&#8221;preset3&#8243; text_text_shadow_color=&#8221;#0C71C3&#8243; global_colors_info=&#8221;{}&#8221;]<\/p>\n<h2 style=\"text-align: center;\"><strong><span style=\"color: #000080;\">Derechos Reservados 2026<\/span><span>\u00a0<\/span><span style=\"color: #ff0000;\">PRVIVFC<\/span><\/strong><\/h2>\n<p>[\/et_pb_text][\/et_pb_column][\/et_pb_row][\/et_pb_section]<\/p>\n","protected":false},"excerpt":{"rendered":"<p>Rendimiento al Departamento de Estado\u00a0\u00a0 Esta Entidad Coordinadora\u00a0est\u00e1 comprometida en ser una\u00a0incorporaci\u00f3n transparente\u00a0en todo lo relacionado a\u00a0la rendici\u00f3n de cuenta con el Departamento del Estado con su fiel cumplimiento a los procesos que dicta las leyes del gobierno de Puerto Rico.Informe 1991 &#8211; 2016Informe 2016 &#8211; 2019Informe 2020 &#8211; presente\u00a0 El PRVIVFC\u00a0se registr\u00f3 por primera [&hellip;]<\/p>\n","protected":false},"author":2,"featured_media":0,"parent":0,"menu_order":0,"comment_status":"closed","ping_status":"closed","template":"","meta":{"_et_pb_use_builder":"on","_et_pb_old_content":"","_et_gb_content_width":"","footnotes":""},"class_list":["post-71900","page","type-page","status-publish","hentry"],"_links":{"self":[{"href":"https:\/\/prvi-vfc.org\/web\/wp-json\/wp\/v2\/pages\/71900","targetHints":{"allow":["GET"]}}],"collection":[{"href":"https:\/\/prvi-vfc.org\/web\/wp-json\/wp\/v2\/pages"}],"about":[{"href":"https:\/\/prvi-vfc.org\/web\/wp-json\/wp\/v2\/types\/page"}],"author":[{"embeddable":true,"href":"https:\/\/prvi-vfc.org\/web\/wp-json\/wp\/v2\/users\/2"}],"replies":[{"embeddable":true,"href":"https:\/\/prvi-vfc.org\/web\/wp-json\/wp\/v2\/comments?post=71900"}],"version-history":[{"count":25,"href":"https:\/\/prvi-vfc.org\/web\/wp-json\/wp\/v2\/pages\/71900\/revisions"}],"predecessor-version":[{"id":231427,"href":"https:\/\/prvi-vfc.org\/web\/wp-json\/wp\/v2\/pages\/71900\/revisions\/231427"}],"wp:attachment":[{"href":"https:\/\/prvi-vfc.org\/web\/wp-json\/wp\/v2\/media?parent=71900"}],"curies":[{"name":"wp","href":"https:\/\/api.w.org\/{rel}","templated":true}]}}

<p>[et_pb_section fb_built=&#8221;1&#8243; _builder_version=&#8221;4.25.2&#8243; _module_preset=&#8221;default&#8221; min_height=&#8221;722px&#8221; custom_padding=&#8221;14px|||||&#8221; global_colors_info=&#8221;{}&#8221;][et_pb_row _builder_version=&#8221;4.25.2&#8243; _module_preset=&#8221;default&#8221; custom_padding=&#8221;16px|||||&#8221; global_colors_info=&#8221;{}&#8221;][et_pb_column type=&#8221;4_4&#8243; _builder_version=&#8221;4.25.2&#8243; _module_preset=&#8221;default&#8221; global_colors_info=&#8221;{}&#8221;][et_pb_text _builder_version=&#8221;4.25.2&#8243; _module_preset=&#8221;default&#8221; animation_style=&#8221;zoom&#8221; animation_duration=&#8221;1150ms&#8221; animation_intensity_zoom=&#8221;11%&#8221; text_text_shadow_style=&#8221;preset3&#8243; text_text_shadow_color=&#8221;#0C71C3&#8243; global_colors_info=&#8221;{}&#8221;]</p>
<h1 style="text-align: center;"><span style="color: #000080;"><strong>Rendimiento al Departamento de Estado </strong></span></h1>
<p>[/et_pb_text][et_pb_image src=&#8221;https://prvi-vfc.org/web/wp-content/uploads/2026/04/Reunion-de-operadores-con-funcionario-gubernamental.png&#8221; align=&#8221;center&#8221; _builder_version=&#8221;4.25.2&#8243; _module_preset=&#8221;default&#8221; width=&#8221;81%&#8221; max_width=&#8221;81%&#8221; animation_style=&#8221;zoom&#8221; animation_duration=&#8221;1750ms&#8221; animation_intensity_zoom=&#8221;37%&#8221; hover_enabled=&#8221;0&#8243; box_shadow_style=&#8221;preset1&#8243; box_shadow_color=&#8221;#0C71C3&#8243; global_colors_info=&#8221;{}&#8221; sticky_enabled=&#8221;0&#8243;][/et_pb_image][/et_pb_column][/et_pb_row][et_pb_row _builder_version=&#8221;4.25.2&#8243; _module_preset=&#8221;default&#8221; custom_margin=&#8221;-32px|auto|-32px|auto||&#8221; global_colors_info=&#8221;{}&#8221;][et_pb_column type=&#8221;4_4&#8243; _builder_version=&#8221;4.25.2&#8243; _module_preset=&#8221;default&#8221; global_colors_info=&#8221;{}&#8221;][et_pb_text _builder_version=&#8221;4.25.2&#8243; _module_preset=&#8221;default&#8221; text_font=&#8221;Mandali||||||||&#8221; text_text_color=&#8221;#000000&#8243; text_font_size=&#8221;18px&#8221; text_line_height=&#8221;1.8em&#8221; custom_margin=&#8221;22px||5px|||&#8221; custom_padding=&#8221;||40px|||&#8221; animation_style=&#8221;zoom&#8221; animation_intensity_zoom=&#8221;7%&#8221; global_colors_info=&#8221;{}&#8221;]</p>
<p><span>  Esta <strong>Entidad Coordinadora</strong> está comprometida en ser una <strong>incorporación transparente</strong> en todo lo relacionado a <strong>la rendición de cuenta con el Departamento del Estado con su fiel cumplimiento a los procesos que dicta las leyes del gobierno de Puerto Rico</strong>.</span></p>
<p>[/et_pb_text][/et_pb_column][/et_pb_row][et_pb_row column_structure=&#8221;1_3,1_3,1_3&#8243; _builder_version=&#8221;4.25.2&#8243; _module_preset=&#8221;default&#8221; custom_padding=&#8221;14px||4px|||&#8221; animation_style=&#8221;zoom&#8221; global_colors_info=&#8221;{}&#8221;][et_pb_column type=&#8221;1_3&#8243; _builder_version=&#8221;4.25.2&#8243; _module_preset=&#8221;default&#8221; global_colors_info=&#8221;{}&#8221;][et_pb_image src=&#8221;https://prvi-vfc.org/web/wp-content/uploads/2026/04/Sello-del-Departamento-de-Estado-de-Puerto-Rico.png&#8221; url=&#8221;https://prvi-vfc.org/web/rendimiento-al-departamento-de-estado-1991-2016/&#8221; url_new_window=&#8221;on&#8221; align=&#8221;center&#8221; _builder_version=&#8221;4.25.2&#8243; _module_preset=&#8221;default&#8221; hover_enabled=&#8221;0&#8243; border_width_all=&#8221;3px&#8221; box_shadow_style=&#8221;preset1&#8243; box_shadow_color=&#8221;#0C71C3&#8243; global_colors_info=&#8221;{}&#8221; sticky_enabled=&#8221;0&#8243;][/et_pb_image][/et_pb_column][et_pb_column type=&#8221;1_3&#8243; _builder_version=&#8221;4.25.2&#8243; _module_preset=&#8221;default&#8221; global_colors_info=&#8221;{}&#8221;][et_pb_image src=&#8221;https://prvi-vfc.org/web/wp-content/uploads/2026/04/Sello-del-Departamento-de-Estado-de-Puerto-Rico.png&#8221; url=&#8221;https://prvi-vfc.org/web/rendimiento-al-departamento-de-estado-2016-2019/&#8221; url_new_window=&#8221;on&#8221; align=&#8221;center&#8221; _builder_version=&#8221;4.25.2&#8243; _module_preset=&#8221;default&#8221; hover_enabled=&#8221;0&#8243; border_width_all=&#8221;3px&#8221; box_shadow_style=&#8221;preset1&#8243; box_shadow_color=&#8221;#0C71C3&#8243; global_colors_info=&#8221;{}&#8221; sticky_enabled=&#8221;0&#8243;][/et_pb_image][/et_pb_column][et_pb_column type=&#8221;1_3&#8243; _builder_version=&#8221;4.25.2&#8243; _module_preset=&#8221;default&#8221; global_colors_info=&#8221;{}&#8221;][et_pb_image src=&#8221;https://prvi-vfc.org/web/wp-content/uploads/2026/04/Sello-del-Departamento-de-Estado-de-Puerto-Rico.png&#8221; url=&#8221;https://prvi-vfc.org/web/rendimiento-al-departamento-de-estado-2020-presente/&#8221; url_new_window=&#8221;on&#8221; align=&#8221;center&#8221; _builder_version=&#8221;4.25.2&#8243; _module_preset=&#8221;default&#8221; min_height=&#8221;225.5px&#8221; custom_margin=&#8221;0px|||||&#8221; custom_padding=&#8221;0px|||||&#8221; hover_enabled=&#8221;0&#8243; border_width_all=&#8221;3px&#8221; box_shadow_style=&#8221;preset1&#8243; box_shadow_color=&#8221;#0C71C3&#8243; global_colors_info=&#8221;{}&#8221; sticky_enabled=&#8221;0&#8243;][/et_pb_image][/et_pb_column][/et_pb_row][et_pb_row column_structure=&#8221;1_3,1_3,1_3&#8243; _builder_version=&#8221;4.25.2&#8243; _module_preset=&#8221;default&#8221; custom_padding=&#8221;6px|||||&#8221; global_colors_info=&#8221;{}&#8221;][et_pb_column type=&#8221;1_3&#8243; _builder_version=&#8221;4.25.2&#8243; _module_preset=&#8221;default&#8221; global_colors_info=&#8221;{}&#8221;][et_pb_text _builder_version=&#8221;4.25.2&#8243; _module_preset=&#8221;default&#8221; text_text_shadow_style=&#8221;preset3&#8243; text_text_shadow_color=&#8221;#0C71C3&#8243; global_colors_info=&#8221;{}&#8221;]</p>
<h3 style="text-align: center;"><strong>Informe 1991 &#8211; 2016</strong></h3>
<p>[/et_pb_text][/et_pb_column][et_pb_column type=&#8221;1_3&#8243; _builder_version=&#8221;4.25.2&#8243; _module_preset=&#8221;default&#8221; global_colors_info=&#8221;{}&#8221;][et_pb_text _builder_version=&#8221;4.25.2&#8243; _module_preset=&#8221;default&#8221; text_text_shadow_style=&#8221;preset3&#8243; text_text_shadow_color=&#8221;#0C71C3&#8243; global_colors_info=&#8221;{}&#8221;]</p>
<h3 style="text-align: center;"><strong>Informe 2016 &#8211; 2019</strong></h3>
<p>[/et_pb_text][/et_pb_column][et_pb_column type=&#8221;1_3&#8243; _builder_version=&#8221;4.25.2&#8243; _module_preset=&#8221;default&#8221; global_colors_info=&#8221;{}&#8221;][et_pb_text _builder_version=&#8221;4.25.2&#8243; _module_preset=&#8221;default&#8221; text_text_shadow_style=&#8221;preset3&#8243; text_text_shadow_color=&#8221;#0C71C3&#8243; global_colors_info=&#8221;{}&#8221;]</p>
<h3 style="text-align: center;"><strong>Informe 2020 &#8211; presente</strong></h3>
<p>[/et_pb_text][/et_pb_column][/et_pb_row][et_pb_row column_structure=&#8221;1_3,1_3,1_3&#8243; _builder_version=&#8221;4.25.2&#8243; _module_preset=&#8221;default&#8221; custom_padding=&#8221;0px||1px|||&#8221; animation_style=&#8221;zoom&#8221; animation_intensity_zoom=&#8221;7%&#8221; global_colors_info=&#8221;{}&#8221;][et_pb_column type=&#8221;1_3&#8243; _builder_version=&#8221;4.25.2&#8243; _module_preset=&#8221;default&#8221; global_colors_info=&#8221;{}&#8221;][et_pb_text _builder_version=&#8221;4.25.2&#8243; _module_preset=&#8221;default&#8221; text_font=&#8221;Mandali||||||||&#8221; text_text_color=&#8221;#000000&#8243; text_font_size=&#8221;15px&#8221; text_letter_spacing=&#8221;1px&#8221; width=&#8221;97%&#8221; max_width=&#8221;96%&#8221; custom_padding=&#8221;1px|||||&#8221; global_colors_info=&#8221;{}&#8221;]</p>
<p style="text-align: left;"><span>  El <strong><span style="color: #ff0000;">PRVIVFC</span> </strong>se registró por primera vez en el <strong>Departamento de Estado para el año 1991</strong> con el número de registro <span style="color: #ff0000;"><strong>21627</strong></span> por el <strong>Sr. Victor Madera KP4PQ – SK , Sr. Oscar Resto KP4RF y Carlos E. Pérez</strong></span></p>
<p>&nbsp;</p>
<p>[/et_pb_text][/et_pb_column][et_pb_column type=&#8221;1_3&#8243; _builder_version=&#8221;4.25.2&#8243; _module_preset=&#8221;default&#8221; global_colors_info=&#8221;{}&#8221;][et_pb_text _builder_version=&#8221;4.25.2&#8243; _module_preset=&#8221;default&#8221; text_font=&#8221;Mandali||||||||&#8221; text_font_size=&#8221;15px&#8221; text_line_height=&#8221;1.9em&#8221; global_colors_info=&#8221;{}&#8221;]</p>
<p><span> <span style="color: #000000;"> El <strong><span style="color: #ff0000;">PRVIVFC</span> </strong>se registró por segunda vez en el <strong>Departamento de Estado para el año 2016</strong> con el número de registro <span style="color: #ff0000;"><strong>374846</strong></span> por el <strong>Sr. Oscar Resto KP4RF y el Sr. Iván Valentín KP3IV</strong></span></span></p>
<p>&nbsp;</p>
<p>[/et_pb_text][/et_pb_column][et_pb_column type=&#8221;1_3&#8243; _builder_version=&#8221;4.25.2&#8243; _module_preset=&#8221;default&#8221; global_colors_info=&#8221;{}&#8221;][et_pb_text _builder_version=&#8221;4.25.2&#8243; _module_preset=&#8221;default&#8221; text_font=&#8221;Mandali||||||||&#8221; text_text_color=&#8221;#000000&#8243; background_color=&#8221;#FFFFFF&#8221; custom_padding=&#8221;||0px|||&#8221; global_colors_info=&#8221;{}&#8221;]</p>
<p><span>   El <strong><span style="color: #ff0000;">PRVIVFC</span> </strong>se registró por tercera vez en el <strong>Departamento de Estado para el año 2020 hasta el presente </strong>con el número de registro <span style="color: #ff0000;"><strong>454441</strong></span> por el <strong>Sr. Julio Díaz Santiago KP3JD, el Sr. Iván Valentín KP3IV</strong> <strong>y Sr. Juan Sepúlveda KP3CR</strong></span></p>
<p><b> </b></p>
<p>.</p>
<p>[/et_pb_text][/et_pb_column][/et_pb_row][et_pb_row _builder_version=&#8221;4.25.2&#8243; _module_preset=&#8221;default&#8221; custom_margin=&#8221;-39px|auto||auto||&#8221; global_colors_info=&#8221;{}&#8221;][et_pb_column type=&#8221;4_4&#8243; _builder_version=&#8221;4.25.2&#8243; _module_preset=&#8221;default&#8221; global_colors_info=&#8221;{}&#8221;][et_pb_text _builder_version=&#8221;4.25.2&#8243; _module_preset=&#8221;default&#8221; custom_margin=&#8221;-13px|||||&#8221; text_text_shadow_style=&#8221;preset3&#8243; text_text_shadow_color=&#8221;#0C71C3&#8243; global_colors_info=&#8221;{}&#8221;]</p>
<h2 style="text-align: center;"><strong><span style="color: #000080;">Derechos Reservados 2026</span><span> </span><span style="color: #ff0000;">PRVIVFC</span></strong></h2>
<p>[/et_pb_text][/et_pb_column][/et_pb_row][/et_pb_section]</p>

<p>Rendimiento al Departamento de Estado   Esta Entidad Coordinadora está comprometida en ser una incorporación transparente en todo lo relacionado a la rendición de cuenta con el Departamento del Estado con su fiel cumplimiento a los procesos que dicta las leyes del gobierno de Puerto Rico.Informe 1991 &#8211; 2016Informe 2016 &#8211; 2019Informe 2020 &#8211; presente  El PRVIVFC se registró por primera [&hellip;]</p>
