{"id":71475,"date":"2024-07-02T20:25:29","date_gmt":"2024-07-02T20:25:29","guid":{"rendered":"https:\/\/prvi-vfc.org\/web\/?page_id=71475"},"modified":"2026-01-22T13:28:15","modified_gmt":"2026-01-22T13:28:15","slug":"directorio-de-repetidores-para-programar-los-radios","status":"publish","type":"page","link":"https:\/\/prvi-vfc.org\/web\/directorio-de-repetidores-para-programar-los-radios\/","title":{"rendered":"DIRECTORIO DE REPETIDORES PARA PROGRAMAR LOS RADIOS"},"content":{"rendered":"<p>[et_pb_section fb_built=&#8221;1&#8243; _builder_version=&#8221;4.25.2&#8243; _module_preset=&#8221;default&#8221; custom_padding=&#8221;86px||0px|||&#8221; global_colors_info=&#8221;{}&#8221;][et_pb_row _builder_version=&#8221;4.25.2&#8243; _module_preset=&#8221;default&#8221; custom_margin=&#8221;-47px|auto||auto||&#8221; custom_padding=&#8221;8px||26px|||&#8221; global_colors_info=&#8221;{}&#8221;][et_pb_column type=&#8221;4_4&#8243; _builder_version=&#8221;4.25.2&#8243; _module_preset=&#8221;default&#8221; global_colors_info=&#8221;{}&#8221;][et_pb_text _builder_version=&#8221;4.25.2&#8243; _module_preset=&#8221;default&#8221; text_orientation=&#8221;center&#8221; text_text_shadow_style=&#8221;preset1&#8243; text_text_shadow_horizontal_length=&#8221;-0.01em&#8221; text_text_shadow_vertical_length=&#8221;0.08em&#8221; text_text_shadow_blur_strength=&#8221;0.05em&#8221; text_text_shadow_color=&#8221;#0C71C3&#8243; global_colors_info=&#8221;{}&#8221;]<\/p>\n<h1 style=\"text-align: center;\"><strong><span style=\"color: #000080;\">Directorio para la <\/span><\/strong><span style=\"color: #000080;\"><strong>programaci\u00f3n <\/strong><\/span><strong><span style=\"color: #000080;\">de los radios en las <span style=\"color: #ff0000;\">Bandas Repetidoras usando el programa de &#8220;CHRIP&#8221;<\/span><\/span><\/strong><\/h1>\n<p>[\/et_pb_text][\/et_pb_column][\/et_pb_row][et_pb_row column_structure=&#8221;1_3,1_3,1_3&#8243; _builder_version=&#8221;4.25.2&#8243; _module_preset=&#8221;default&#8221; custom_padding=&#8221;3px|||||&#8221; global_colors_info=&#8221;{}&#8221;][et_pb_column type=&#8221;1_3&#8243; _builder_version=&#8221;4.25.2&#8243; _module_preset=&#8221;default&#8221; global_colors_info=&#8221;{}&#8221;][et_pb_image src=&#8221;https:\/\/prvi-vfc.org\/web\/wp-content\/uploads\/2025\/07\/una_persona_programando_un_radio_de_comunicaci_n.jpeg&#8221; title_text=&#8221;una_persona_programando_un_radio_de_comunicaci_n&#8221; _builder_version=&#8221;4.25.2&#8243; _module_preset=&#8221;default&#8221; animation_style=&#8221;zoom&#8221; animation_duration=&#8221;1900ms&#8221; animation_intensity_zoom=&#8221;5%&#8221; box_shadow_style=&#8221;preset1&#8243; box_shadow_spread=&#8221;3px&#8221; box_shadow_color=&#8221;#0C71C3&#8243; global_colors_info=&#8221;{}&#8221;][\/et_pb_image][\/et_pb_column][et_pb_column type=&#8221;1_3&#8243; _builder_version=&#8221;4.25.2&#8243; _module_preset=&#8221;default&#8221; global_colors_info=&#8221;{}&#8221;][et_pb_image src=&#8221;https:\/\/prvi-vfc.org\/web\/wp-content\/uploads\/2025\/07\/una_persona_programando_un_radio_de_comunicaci_n-1.jpeg&#8221; title_text=&#8221;una_persona_programando_un_radio_de_comunicaci_n (1)&#8221; _builder_version=&#8221;4.25.2&#8243; _module_preset=&#8221;default&#8221; animation_style=&#8221;zoom&#8221; animation_duration=&#8221;1900ms&#8221; animation_intensity_zoom=&#8221;5%&#8221; box_shadow_style=&#8221;preset1&#8243; box_shadow_spread=&#8221;3px&#8221; box_shadow_color=&#8221;#0C71C3&#8243; global_colors_info=&#8221;{}&#8221;][\/et_pb_image][\/et_pb_column][et_pb_column type=&#8221;1_3&#8243; _builder_version=&#8221;4.25.2&#8243; _module_preset=&#8221;default&#8221; global_colors_info=&#8221;{}&#8221;][et_pb_image src=&#8221;https:\/\/prvi-vfc.org\/web\/wp-content\/uploads\/2025\/07\/una_persona_programando_un_radio_de_comunicaci_n-2.jpeg&#8221; title_text=&#8221;una_persona_programando_un_radio_de_comunicaci_n (2)&#8221; _builder_version=&#8221;4.25.2&#8243; _module_preset=&#8221;default&#8221; animation_style=&#8221;zoom&#8221; animation_duration=&#8221;1900ms&#8221; animation_intensity_zoom=&#8221;5%&#8221; box_shadow_style=&#8221;preset1&#8243; box_shadow_spread=&#8221;3px&#8221; box_shadow_color=&#8221;#0C71C3&#8243; global_colors_info=&#8221;{}&#8221;][\/et_pb_image][\/et_pb_column][\/et_pb_row][et_pb_row _builder_version=&#8221;4.25.2&#8243; _module_preset=&#8221;default&#8221; module_alignment=&#8221;center&#8221; custom_margin=&#8221;-9px|auto|19px|auto||&#8221; custom_padding=&#8221;0px||0px|||&#8221; animation_style=&#8221;zoom&#8221; animation_intensity_zoom=&#8221;3%&#8221; global_colors_info=&#8221;{}&#8221;][et_pb_column type=&#8221;4_4&#8243; _builder_version=&#8221;4.25.2&#8243; _module_preset=&#8221;default&#8221; global_colors_info=&#8221;{}&#8221;][et_pb_text _builder_version=&#8221;4.25.2&#8243; _module_preset=&#8221;default&#8221; text_font_size=&#8221;15px&#8221; text_line_height=&#8221;1.8em&#8221; width=&#8221;100%&#8221; custom_margin=&#8221;2px|||||&#8221; custom_padding=&#8221;10px||6px|||&#8221; animation_style=&#8221;zoom&#8221; animation_intensity_zoom=&#8221;10%&#8221; global_colors_info=&#8221;{}&#8221;]<\/p>\n<p><span style=\"color: #000000;\">\u00a0 \u00a0<\/span><span style=\"color: #000000;\"><strong>El siguiente directorio es para la Comunidad de Radioaficionados para que puedan programar sus radios usando el programa de <span style=\"color: #0c71c3;\">CHIRP<\/span>. Esta iniciativa surgi\u00f3 de la inquietud del compa\u00f1ero Anthony Rodr\u00edguez WP4I sobre realizar un formato general en CVS para utilizarlo con el programa de <span style=\"color: #0c71c3;\">CHIRP<\/span>. Es importante seguir las siguientes instrucciones:<\/strong><\/span><\/p>\n<p><span style=\"color: #000000;\"><strong>Pasos para utilizar el archivo .CSV para la programaci\u00f3n de su radio.<\/strong><\/span><\/p>\n<ol>\n<li><span style=\"color: #000000;\"><strong>Ir a\u00a0<span style=\"color: #0c71c3;\"><a href=\"https:\/\/chirpmyradio.com\/projects\/chirp\/wiki\/Home\" style=\"color: #0c71c3;\">https:\/\/www.chirpmyradio.com\/projects\/chirp\/wiki\/Home <\/a><\/span>y seleccione\u00a0DOWNLOAD.<\/strong><\/span><\/li>\n<li><span style=\"color: #000000;\"><strong> Una vez bajado, instale el programa siguiendo la instalaci\u00f3n default. (next y ok).<\/strong><\/span><\/li>\n<li><span style=\"color: #000000;\"><strong> Abrir el software. Mayormente, siempre que inicie el programa, le pedir\u00e1 actualizar a la ultima versi\u00f3n. Proceder con el update.<\/strong><\/span><\/li>\n<li><span style=\"color: #000000;\"><strong> Ir al portal\u00a0PRVIVFC\u00a0y abrir el men\u00fa (Directorio) dar un click a\u00a0programaci\u00f3n\u00a0y seguir las instrucciones en la p\u00e1gina. Puedes utilizar este enlace para bajar el archivo:\u00a0<a href=\"https:\/\/prvi-vfc.org\/web\/repetidores-coordinados-actualizado-21-enero-2026\/\" style=\"color: #000000;\"><span style=\"color: #e02b20;\">\u201cRepetidores Coordinados.CSV\u201d<\/span>\u00a0<\/a><\/strong><\/span><\/li>\n<li><span style=\"color: #000000;\"><strong> Abrir el programa\u00a0CHIRP.<\/strong><\/span><\/li>\n<li><span style=\"color: #000000;\"><strong> File \u2192\u00a0Open<\/strong><\/span><\/li>\n<li><span style=\"color: #000000;\"><strong> Escoger del directorio el archivo <a href=\"https:\/\/prvi-vfc.org\/web\/repetidores-coordinados-actualizado-21-enero-2026\/\"><span style=\"color: #e02b20;\">Repetidores Coordinados.csv<\/span><\/a> que reci\u00e9n bajo a su computadora, muy probablemente en el folder de download.<\/strong><\/span><\/li>\n<li><span style=\"color: #000000;\"><strong> File \u2192\u00a0NEW<\/strong><\/span><\/li>\n<li><span style=\"color: #000000;\"><strong> Arriba escoger Radio \u2192 Download from radio.<\/strong><\/span><\/li>\n<li><span style=\"color: #000000;\"><strong> Aparecer\u00e1 ventana donde usted escoger\u00e1 la marca, modelo y el puerto de comunicaci\u00f3n de su radio el cual ya usted debe tener instalado el cable y su driver para la comunicaci\u00f3n. (COM1. COM2, COM6, COM7) etc.<\/strong><\/span><\/li>\n<li><span style=\"color: #000000;\"><strong> Una vez al programa lee de su radio, llenara la tabla con la informaci\u00f3n de memoria que el radio tenga, o si no tiene muy probable solo diga 146.520 en la memoria 1 de la tabla.<\/strong><\/span><\/li>\n<li><span style=\"color: #000000;\"><strong> De tener memorias, las va a borrar todas de la tabla haciendo EDIT \u2192 select all, y luego EDIT \u2192 delete<\/strong><\/span><\/li>\n<li><span style=\"color: #000000;\"><strong> Vaya a la pesta\u00f1a de<a href=\"https:\/\/prvi-vfc.org\/web\/repetidores-coordinados-actualizado-21-enero-2026\/\">\u00a0<span style=\"color: #e02b20;\">\u201cRepetidores Coordinados.CSV\u201d <\/span><\/a>y escoger EDIT \u2192 select all, luego EDIT \u2192 Copy.<\/strong><\/span><\/li>\n<li><span style=\"color: #000000;\"><strong> Regrese a la pesta\u00f1a de la tabla para su radio y escoga EDIT \u2192 select all y luego EDIT \u2192 PASTE.<\/strong><\/span><\/li>\n<li><span style=\"color: #000000;\"><strong> Le saldra un aviso de sobrescribir los espacios de la tabla, escoger yes\/ok.<\/strong><\/span><\/li>\n<li><span style=\"color: #000000;\"><strong> Ya debes tener la tabla llena de memorias. Edite la tabla a su gusto con los settings de power, alg\u00fan descriptivo. Tanto las frecuencias, los tonos, el skip, modo y tunning steps necesarios, deben ya estar set.<\/strong><\/span><\/li>\n<li><span style=\"color: #000000;\"><strong> File \u2192 save y guarde su copia de respaldo.<\/strong><\/span><\/li>\n<li><span style=\"color: #000000;\"><strong> Radio \u2192 Upload to radio y proseguir las instrucciones de chirp para conexi\u00f3n con su radio.<\/strong><\/span><\/li>\n<li><strong><span style=\"color: #000000;\"> Una vez el archivo reescriba sus memorias, dar por terminado <\/span><a href=\"https:\/\/www.chirpmyradio.com\/projects\/chirp\/wiki\/Home\">CHIRP<\/a><\/strong><strong>.<\/strong><\/li>\n<\/ol>\n<p>[\/et_pb_text][\/et_pb_column][\/et_pb_row][et_pb_row _builder_version=&#8221;4.25.2&#8243; _module_preset=&#8221;default&#8221; custom_padding=&#8221;4px|||||&#8221; global_colors_info=&#8221;{}&#8221;][et_pb_column type=&#8221;4_4&#8243; _builder_version=&#8221;4.25.2&#8243; _module_preset=&#8221;default&#8221; global_colors_info=&#8221;{}&#8221;][et_pb_text _builder_version=&#8221;4.25.2&#8243; _module_preset=&#8221;default&#8221; global_colors_info=&#8221;{}&#8221;]<\/p>\n<h5 style=\"text-align: center;\"><span style=\"text-decoration: underline;\"><strong>Nota:<\/strong><\/span> Dar un clic a la imagen para puedas bajar las instrucciones en el formato de <strong><span style=\"color: #ff0000;\">PDF<\/span><\/strong>.<\/h5>\n<p>[\/et_pb_text][\/et_pb_column][\/et_pb_row][et_pb_row _builder_version=&#8221;4.25.2&#8243; _module_preset=&#8221;default&#8221; custom_padding=&#8221;0px|||||&#8221; global_colors_info=&#8221;{}&#8221;][et_pb_column type=&#8221;4_4&#8243; _builder_version=&#8221;4.25.2&#8243; _module_preset=&#8221;default&#8221; global_colors_info=&#8221;{}&#8221;][et_pb_image src=&#8221;https:\/\/prvi-vfc.org\/web\/wp-content\/uploads\/2025\/07\/una_persona_programando_un_radio_de_comunicaci_n-2.jpeg&#8221; title_text=&#8221;una_persona_programando_un_radio_de_comunicaci_n (2)&#8221; url=&#8221;https:\/\/prvi-vfc.org\/web\/wp-content\/uploads\/2025\/07\/Directorio-para-la-programacion-con-CHIRP-PRVIVFC.pdf&#8221; url_new_window=&#8221;on&#8221; _builder_version=&#8221;4.25.2&#8243; _module_preset=&#8221;default&#8221; width=&#8221;50%&#8221; max_width=&#8221;50%&#8221; module_alignment=&#8221;center&#8221; animation_style=&#8221;zoom&#8221; animation_duration=&#8221;1900ms&#8221; animation_intensity_zoom=&#8221;6%&#8221; box_shadow_style=&#8221;preset1&#8243; box_shadow_spread=&#8221;3px&#8221; box_shadow_color=&#8221;#0C71C3&#8243; global_colors_info=&#8221;{}&#8221;][\/et_pb_image][\/et_pb_column][\/et_pb_row][\/et_pb_section][et_pb_section fb_built=&#8221;1&#8243; _builder_version=&#8221;4.25.2&#8243; _module_preset=&#8221;default&#8221; custom_margin=&#8221;||-10px|||&#8221; custom_padding=&#8221;13px||0px|||&#8221; global_colors_info=&#8221;{}&#8221;][et_pb_row column_structure=&#8221;1_3,1_3,1_3&#8243; _builder_version=&#8221;4.25.2&#8243; _module_preset=&#8221;default&#8221; custom_margin=&#8221;-18px|auto||auto||&#8221; custom_padding=&#8221;97px|||||&#8221; animation_style=&#8221;zoom&#8221; animation_intensity_zoom=&#8221;7%&#8221; global_colors_info=&#8221;{}&#8221;][et_pb_column type=&#8221;1_3&#8243; _builder_version=&#8221;4.25.2&#8243; _module_preset=&#8221;default&#8221; global_colors_info=&#8221;{}&#8221;][et_pb_image src=&#8221;https:\/\/prvi-vfc.org\/web\/wp-content\/uploads\/2025\/05\/images-4-1.jpeg&#8221; title_text=&#8221;images (4)&#8221; _builder_version=&#8221;4.25.2&#8243; _module_preset=&#8221;default&#8221; global_colors_info=&#8221;{}&#8221;][\/et_pb_image][\/et_pb_column][et_pb_column type=&#8221;1_3&#8243; _builder_version=&#8221;4.25.2&#8243; _module_preset=&#8221;default&#8221; global_colors_info=&#8221;{}&#8221;][et_pb_image src=&#8221;https:\/\/prvi-vfc.org\/web\/wp-content\/uploads\/2025\/05\/images-5.jpeg&#8221; title_text=&#8221;images (5)&#8221; _builder_version=&#8221;4.25.2&#8243; _module_preset=&#8221;default&#8221; global_colors_info=&#8221;{}&#8221;][\/et_pb_image][\/et_pb_column][et_pb_column type=&#8221;1_3&#8243; _builder_version=&#8221;4.25.2&#8243; _module_preset=&#8221;default&#8221; global_colors_info=&#8221;{}&#8221;][et_pb_image src=&#8221;https:\/\/prvi-vfc.org\/web\/wp-content\/uploads\/2025\/05\/images-3.jpeg&#8221; title_text=&#8221;images (3)&#8221; _builder_version=&#8221;4.25.2&#8243; _module_preset=&#8221;default&#8221; global_colors_info=&#8221;{}&#8221;][\/et_pb_image][\/et_pb_column][\/et_pb_row][et_pb_row _builder_version=&#8221;4.25.2&#8243; _module_preset=&#8221;default&#8221; global_colors_info=&#8221;{}&#8221;][et_pb_column type=&#8221;4_4&#8243; _builder_version=&#8221;4.25.2&#8243; _module_preset=&#8221;default&#8221; global_colors_info=&#8221;{}&#8221;][et_pb_text _builder_version=&#8221;4.25.2&#8243; _module_preset=&#8221;default&#8221; hover_enabled=&#8221;0&#8243; text_text_shadow_style=&#8221;preset3&#8243; text_text_shadow_color=&#8221;#0C71C3&#8243; global_colors_info=&#8221;{}&#8221; sticky_enabled=&#8221;0&#8243;]<\/p>\n<h2 style=\"text-align: center;\"><strong><span style=\"color: #000080;\">Derechos Reservados 2026<\/span><span>\u00a0<\/span><span style=\"color: #ff0000;\">PRVIVFC<\/span><\/strong><\/h2>\n<p>[\/et_pb_text][\/et_pb_column][\/et_pb_row][\/et_pb_section]<\/p>\n","protected":false},"excerpt":{"rendered":"<p>Directorio para la programaci\u00f3n de los radios en las Bandas Repetidoras usando el programa de &#8220;CHRIP&#8221;\u00a0 \u00a0El siguiente directorio es para la Comunidad de Radioaficionados para que puedan programar sus radios usando el programa de CHIRP. Esta iniciativa surgi\u00f3 de la inquietud del compa\u00f1ero Anthony Rodr\u00edguez WP4I sobre realizar un formato general en CVS para [&hellip;]<\/p>\n","protected":false},"author":1,"featured_media":0,"parent":0,"menu_order":0,"comment_status":"closed","ping_status":"closed","template":"","meta":{"_et_pb_use_builder":"on","_et_pb_old_content":"","_et_gb_content_width":"","footnotes":""},"class_list":["post-71475","page","type-page","status-publish","hentry"],"_links":{"self":[{"href":"https:\/\/prvi-vfc.org\/web\/wp-json\/wp\/v2\/pages\/71475","targetHints":{"allow":["GET"]}}],"collection":[{"href":"https:\/\/prvi-vfc.org\/web\/wp-json\/wp\/v2\/pages"}],"about":[{"href":"https:\/\/prvi-vfc.org\/web\/wp-json\/wp\/v2\/types\/page"}],"author":[{"embeddable":true,"href":"https:\/\/prvi-vfc.org\/web\/wp-json\/wp\/v2\/users\/1"}],"replies":[{"embeddable":true,"href":"https:\/\/prvi-vfc.org\/web\/wp-json\/wp\/v2\/comments?post=71475"}],"version-history":[{"count":58,"href":"https:\/\/prvi-vfc.org\/web\/wp-json\/wp\/v2\/pages\/71475\/revisions"}],"predecessor-version":[{"id":231074,"href":"https:\/\/prvi-vfc.org\/web\/wp-json\/wp\/v2\/pages\/71475\/revisions\/231074"}],"wp:attachment":[{"href":"https:\/\/prvi-vfc.org\/web\/wp-json\/wp\/v2\/media?parent=71475"}],"curies":[{"name":"wp","href":"https:\/\/api.w.org\/{rel}","templated":true}]}}