{"id":71471,"date":"2024-07-02T20:22:29","date_gmt":"2024-07-02T20:22:29","guid":{"rendered":"https:\/\/prvi-vfc.org\/web\/?page_id=71471"},"modified":"2026-01-22T13:15:43","modified_gmt":"2026-01-22T13:15:43","slug":"directorio-de-repetidores-de-emergencias","status":"publish","type":"page","link":"https:\/\/prvi-vfc.org\/web\/directorio-de-repetidores-de-emergencias\/","title":{"rendered":"DIRECTORIO DE REPETIDORES DE EMERGENCIAS"},"content":{"rendered":"<p>[et_pb_section fb_built=&#8221;1&#8243; _builder_version=&#8221;4.25.2&#8243; _module_preset=&#8221;default&#8221; custom_padding=&#8221;12px|||||&#8221; global_colors_info=&#8221;{}&#8221;][et_pb_row _builder_version=&#8221;4.25.2&#8243; _module_preset=&#8221;default&#8221; custom_margin=&#8221;14px|auto||auto||&#8221; custom_padding=&#8221;15px|||||&#8221; global_colors_info=&#8221;{}&#8221;][et_pb_column type=&#8221;4_4&#8243; _builder_version=&#8221;4.25.2&#8243; _module_preset=&#8221;default&#8221; global_colors_info=&#8221;{}&#8221;][et_pb_text _builder_version=&#8221;4.25.2&#8243; _module_preset=&#8221;default&#8221; text_font=&#8221;Mandali|800|||||||&#8221; text_font_size=&#8221;25px&#8221; text_line_height=&#8221;1.8em&#8221; text_orientation=&#8221;center&#8221; custom_padding=&#8221;||1px|||&#8221; animation_style=&#8221;zoom&#8221; animation_intensity_zoom=&#8221;9%&#8221; text_text_shadow_style=&#8221;preset1&#8243; text_text_shadow_color=&#8221;#0C71C3&#8243; global_colors_info=&#8221;{}&#8221;]<\/p>\n<h1><span style=\"color: #000080;\"><strong>Repetidores para utilizarlo en caso de <span style=\"color: #ff0000;\">emergencia<\/span><\/strong><\/span><\/h1>\n<p>[\/et_pb_text][et_pb_text _builder_version=&#8221;4.25.2&#8243; _module_preset=&#8221;default&#8221; text_font=&#8221;Mandali|800|||||||&#8221; text_font_size=&#8221;30px&#8221; text_line_height=&#8221;1.8em&#8221; text_orientation=&#8221;center&#8221; custom_padding=&#8221;7px||1px|||&#8221; animation_style=&#8221;zoom&#8221; animation_intensity_zoom=&#8221;9%&#8221; global_colors_info=&#8221;{}&#8221;]<\/p>\n<h3 style=\"text-align: left;\">\u00a0 El <strong><span style=\"color: #0c71c3;\">prop\u00f3sito de esta iniciativa es para que los diferentes grupos de radioaficionados que trabajan las diferentes emergencias puedan tener un banco de repetidores disponibles<\/span><\/strong> y para cuando el gobierno active a los radioaficionados tengan una idea de que repetidores puedan usar. <strong><span style=\"color: #000080;\"><span style=\"color: #e02b20;\">Se preparan un listado especial que indique la informaci\u00f3n suministrada voluntariamente por los trustee<\/span>.<\/span><\/strong><\/h3>\n<h3 style=\"text-align: left;\">\u00a0 Esta iniciativa el <strong><span style=\"color: #ff0000;\">PRVIVFC<\/span> <\/strong>\u00a0la <strong>acoge por acercamientos de organizaciones de emergencias y de compa\u00f1eros trustees dispuestos a poner su(s) repetidor(es) para trabajar las diferentes emergencias que puedan surgir en nuestro pa\u00eds.<\/strong><\/h3>\n<h3 style=\"text-align: left;\"><span>\u00a0 Es importante que los <span style=\"color: #e02b20;\"><strong>repetidores tengan respaldo de emergencia como generador port\u00e1til, bater\u00edas y sistemas de energ\u00eda renovable<\/strong><\/span>. La Comunidad de radioaficionados va estar agradecida por permitir el uso de su sistema para trabajar cualquier tipo de emergencia.<\/span><\/h3>\n<p>[\/et_pb_text][et_pb_image src=&#8221;https:\/\/prvi-vfc.org\/web\/wp-content\/uploads\/2025\/06\/ENERGIA-DE-RESPALDO.jpg&#8221; title_text=&#8221;ENERGIA DE RESPALDO&#8221; _builder_version=&#8221;4.25.2&#8243; _module_preset=&#8221;default&#8221; custom_margin=&#8221;||52px|||&#8221; animation_style=&#8221;zoom&#8221; animation_duration=&#8221;1850ms&#8221; animation_intensity_zoom=&#8221;9%&#8221; global_colors_info=&#8221;{}&#8221;][\/et_pb_image][et_pb_text _builder_version=&#8221;4.25.2&#8243; _module_preset=&#8221;default&#8221; text_font=&#8221;Mandali|800|||||||&#8221; text_font_size=&#8221;25px&#8221; text_line_height=&#8221;1.8em&#8221; text_orientation=&#8221;center&#8221; custom_padding=&#8221;||1px|||&#8221; animation_style=&#8221;zoom&#8221; animation_intensity_zoom=&#8221;6%&#8221; text_text_shadow_style=&#8221;preset1&#8243; text_text_shadow_color=&#8221;#0C71C3&#8243; global_colors_info=&#8221;{}&#8221;]<\/p>\n<h1 style=\"text-align: center;\"><span style=\"color: #000080;\"><strong>Directorio de Repetidores para utilizarlo en caso de <span style=\"color: #ff0000;\">emergencia<\/span><\/strong><\/span><\/h1>\n<p>[\/et_pb_text][et_pb_text _builder_version=&#8221;4.25.2&#8243; _module_preset=&#8221;default&#8221; custom_margin=&#8221;||34px|||&#8221; animation_style=&#8221;zoom&#8221; animation_intensity_zoom=&#8221;6%&#8221; border_width_all=&#8221;3px&#8221; box_shadow_style=&#8221;preset1&#8243; box_shadow_color=&#8221;#0C71C3&#8243; global_colors_info=&#8221;{}&#8221;]<\/p>\n\n<table id=\"tablepress-2\" class=\"tablepress tablepress-id-2\" aria-describedby=\"tablepress-2-description\">\n<thead>\n<tr class=\"row-1\">\n\t<th class=\"column-1\">Localizaci\u00f3n por Pueblo<\/th><th class=\"column-2\">Frecuencia Coordinada<\/th><th class=\"column-3\">Trustee Responsable<\/th><th class=\"column-4\">Acceso al repetidor<\/th><th class=\"column-5\">Tipo de Respaldo<\/th>\n<\/tr>\n<\/thead>\n<tbody class=\"row-striping row-hover\">\n<tr class=\"row-2\">\n\t<td class=\"column-1\">YABUCOA<\/td><td class=\"column-2\">145.110<\/td><td class=\"column-3\">KP4QI<\/td><td class=\"column-4\">100.0<\/td><td class=\"column-5\">GE<\/td>\n<\/tr>\n<tr class=\"row-3\">\n\t<td class=\"column-1\">SAN JUAN <\/td><td class=\"column-2\">145.150<\/td><td class=\"column-3\">KP4AMV<\/td><td class=\"column-4\">136.5<\/td><td class=\"column-5\">BB\/GE<\/td>\n<\/tr>\n<tr class=\"row-4\">\n\t<td class=\"column-1\">AGUADA<\/td><td class=\"column-2\">145.170<\/td><td class=\"column-3\">KP4KJI<\/td><td class=\"column-4\">114.8 \/ C4FM FUSION<\/td><td class=\"column-5\">BB\/ES<\/td>\n<\/tr>\n<tr class=\"row-5\">\n\t<td class=\"column-1\">UTUADO - VILLALBA - FAJARDO<\/td><td class=\"column-2\">145.190<\/td><td class=\"column-3\">KP3AB<\/td><td class=\"column-4\">123.0<\/td><td class=\"column-5\">GE<\/td>\n<\/tr>\n<tr class=\"row-6\">\n\t<td class=\"column-1\">PONCE<\/td><td class=\"column-2\">145.210<\/td><td class=\"column-3\">WP4J<\/td><td class=\"column-4\">123.0<\/td><td class=\"column-5\">GE<\/td>\n<\/tr>\n<tr class=\"row-7\">\n\t<td class=\"column-1\">YAUCO - CEIBA - UTUADO<\/td><td class=\"column-2\">145.350<\/td><td class=\"column-3\">KP3AB<\/td><td class=\"column-4\">123.0<\/td><td class=\"column-5\">GE<\/td>\n<\/tr>\n<tr class=\"row-8\">\n\t<td class=\"column-1\">AGUAS BUENAS<\/td><td class=\"column-2\">145.370<\/td><td class=\"column-3\">KP4IA<\/td><td class=\"column-4\">OPEN<\/td><td class=\"column-5\">GE<\/td>\n<\/tr>\n<tr class=\"row-9\">\n\t<td class=\"column-1\">BARRANQUITAS<\/td><td class=\"column-2\">145.490<\/td><td class=\"column-3\">KP4LP<\/td><td class=\"column-4\">DMR C1 S1 TG 330013<\/td><td class=\"column-5\">BB<\/td>\n<\/tr>\n<tr class=\"row-10\">\n\t<td class=\"column-1\">COROZAL<\/td><td class=\"column-2\">146.670<\/td><td class=\"column-3\">KP4DH<\/td><td class=\"column-4\">94.8 \/ C1 S1 TG 667<\/td><td class=\"column-5\">GE<\/td>\n<\/tr>\n<tr class=\"row-11\">\n\t<td class=\"column-1\">RIO GRANDE<\/td><td class=\"column-2\">146.690<\/td><td class=\"column-3\">NP3H<\/td><td class=\"column-4\">OPEN<\/td><td class=\"column-5\">BB\/ES<\/td>\n<\/tr>\n<tr class=\"row-12\">\n\t<td class=\"column-1\">CANOVANAS - RINCON<\/td><td class=\"column-2\">146.730<\/td><td class=\"column-3\">KP3AB<\/td><td class=\"column-4\">123.0<\/td><td class=\"column-5\">GE<\/td>\n<\/tr>\n<tr class=\"row-13\">\n\t<td class=\"column-1\">MARICAO - CAYEY<\/td><td class=\"column-2\">146.770<\/td><td class=\"column-3\">KP3AB<\/td><td class=\"column-4\">123.0<\/td><td class=\"column-5\">GE<\/td>\n<\/tr>\n<tr class=\"row-14\">\n\t<td class=\"column-1\">CAYEY<\/td><td class=\"column-2\">146.830<\/td><td class=\"column-3\">KP4QI<\/td><td class=\"column-4\">136.5<\/td><td class=\"column-5\">GE<\/td>\n<\/tr>\n<tr class=\"row-15\">\n\t<td class=\"column-1\">QUEBRADILLA<\/td><td class=\"column-2\">146.870<\/td><td class=\"column-3\">WP3OF<\/td><td class=\"column-4\">100.0<\/td><td class=\"column-5\">BB\/GE\/ES<\/td>\n<\/tr>\n<tr class=\"row-16\">\n\t<td class=\"column-1\">MARICAO<\/td><td class=\"column-2\">146.930<\/td><td class=\"column-3\">KP4QI<\/td><td class=\"column-4\">136.5<\/td><td class=\"column-5\">GE\/FRAPR<\/td>\n<\/tr>\n<tr class=\"row-17\">\n\t<td class=\"column-1\">FAJARDO<\/td><td class=\"column-2\">146.990<\/td><td class=\"column-3\">NP3H<\/td><td class=\"column-4\">OPEN<\/td><td class=\"column-5\">BB\/ES<\/td>\n<\/tr>\n<tr class=\"row-18\">\n\t<td class=\"column-1\">AGUADILLA<\/td><td class=\"column-2\">147.030<\/td><td class=\"column-3\">KP4LCS<\/td><td class=\"column-4\">67.0<\/td><td class=\"column-5\">ES<\/td>\n<\/tr>\n<tr class=\"row-19\">\n\t<td class=\"column-1\">GURABO<\/td><td class=\"column-2\">147.110<\/td><td class=\"column-3\">KP4ZZ<\/td><td class=\"column-4\">127.3<\/td><td class=\"column-5\">BB\/GE\/ES<\/td>\n<\/tr>\n<tr class=\"row-20\">\n\t<td class=\"column-1\">AGUADA<\/td><td class=\"column-2\">147.130<\/td><td class=\"column-3\">KP4F<\/td><td class=\"column-4\">141.3<\/td><td class=\"column-5\">GE\/ES<\/td>\n<\/tr>\n<tr class=\"row-21\">\n\t<td class=\"column-1\">JAYUYA<\/td><td class=\"column-2\">147.210<\/td><td class=\"column-3\">KP4CAR<\/td><td class=\"column-4\">127.3<\/td><td class=\"column-5\">BB\/GE<\/td>\n<\/tr>\n<tr class=\"row-22\">\n\t<td class=\"column-1\">CAGUAS   <\/td><td class=\"column-2\">224.380<\/td><td class=\"column-3\">WP3YQ<\/td><td class=\"column-4\">123.0<\/td><td class=\"column-5\">GE\/ES<\/td>\n<\/tr>\n<tr class=\"row-23\">\n\t<td class=\"column-1\">MOCA<\/td><td class=\"column-2\">224.420<\/td><td class=\"column-3\">KP4BQN (NP4NC)<\/td><td class=\"column-4\">136.5<\/td><td class=\"column-5\">BB<\/td>\n<\/tr>\n<tr class=\"row-24\">\n\t<td class=\"column-1\">SAN LORENZO<\/td><td class=\"column-2\">224.560<\/td><td class=\"column-3\">KP4ZZ<\/td><td class=\"column-4\">127.3<\/td><td class=\"column-5\">BB\/GE\/ES<\/td>\n<\/tr>\n<tr class=\"row-25\">\n\t<td class=\"column-1\">CAYEY<\/td><td class=\"column-2\">224.820<\/td><td class=\"column-3\">NP4JN<\/td><td class=\"column-4\">123.0<\/td><td class=\"column-5\">BB\/GE\/ES<\/td>\n<\/tr>\n<tr class=\"row-26\">\n\t<td class=\"column-1\">GURABO<\/td><td class=\"column-2\">224.940<\/td><td class=\"column-3\">KP4ZZ<\/td><td class=\"column-4\">127.3<\/td><td class=\"column-5\">BB\/GE\/ES<\/td>\n<\/tr>\n<tr class=\"row-27\">\n\t<td class=\"column-1\">GURABO<\/td><td class=\"column-2\">440.125<\/td><td class=\"column-3\">KP4ZZ<\/td><td class=\"column-4\">127.3<\/td><td class=\"column-5\">BB\/GE\/ES<\/td>\n<\/tr>\n<tr class=\"row-28\">\n\t<td class=\"column-1\">JAYUYA<\/td><td class=\"column-2\">440.175<\/td><td class=\"column-3\">KP4ZZ<\/td><td class=\"column-4\">141.3<\/td><td class=\"column-5\">BB\/GE\/ES<\/td>\n<\/tr>\n<tr class=\"row-29\">\n\t<td class=\"column-1\">CANOVANAS<\/td><td class=\"column-2\">440.225<\/td><td class=\"column-3\">WP3OF<\/td><td class=\"column-4\">100.0<\/td><td class=\"column-5\">BB\/GE\/ES<\/td>\n<\/tr>\n<tr class=\"row-30\">\n\t<td class=\"column-1\">AGUAS BUENAS<\/td><td class=\"column-2\">440.325<\/td><td class=\"column-3\">NW4A<\/td><td class=\"column-4\">100.0<\/td><td class=\"column-5\">BB\/GE<\/td>\n<\/tr>\n<tr class=\"row-31\">\n\t<td class=\"column-1\">LARES<\/td><td class=\"column-2\">440.500<\/td><td class=\"column-3\">NP4NC<\/td><td class=\"column-4\">136.5<\/td><td class=\"column-5\">ES<\/td>\n<\/tr>\n<tr class=\"row-32\">\n\t<td class=\"column-1\">SABANA GRANDE<\/td><td class=\"column-2\">440.600<\/td><td class=\"column-3\">WP4KEY<\/td><td class=\"column-4\">85.4 \/ C4FM FUSION<\/td><td class=\"column-5\">BB\/GE\/ES<\/td>\n<\/tr>\n<tr class=\"row-33\">\n\t<td class=\"column-1\">AGUADA<\/td><td class=\"column-2\">440.750<\/td><td class=\"column-3\">WP3JJ (KP4ECO)<\/td><td class=\"column-4\">94.8 \/ C1 S1 TG 4630<\/td><td class=\"column-5\">\/BB\/GE<\/td>\n<\/tr>\n<tr class=\"row-34\">\n\t<td class=\"column-1\">BAYAM\u00d3N<\/td><td class=\"column-2\">440.975<\/td><td class=\"column-3\">KP4CRN<\/td><td class=\"column-4\">127.3<\/td><td class=\"column-5\">BB\/GE\/ES<\/td>\n<\/tr>\n<tr class=\"row-35\">\n\t<td class=\"column-1\">GUAYAMA<\/td><td class=\"column-2\">446.125<\/td><td class=\"column-3\">NW4A<\/td><td class=\"column-4\">100.0<\/td><td class=\"column-5\">BB\/GE<\/td>\n<\/tr>\n<tr class=\"row-36\">\n\t<td class=\"column-1\">BAYAM\u00d3N<\/td><td class=\"column-2\">445.150<\/td><td class=\"column-3\">KP4PDU<\/td><td class=\"column-4\">127.3<\/td><td class=\"column-5\">GE\/ES<\/td>\n<\/tr>\n<tr class=\"row-37\">\n\t<td class=\"column-1\">SAN SEBASTIAN<\/td><td class=\"column-2\">446.150<\/td><td class=\"column-3\">NP4NC<\/td><td class=\"column-4\">136.5<\/td><td class=\"column-5\">ES<\/td>\n<\/tr>\n<tr class=\"row-38\">\n\t<td class=\"column-1\">BAYAM\u00d3N<\/td><td class=\"column-2\">446.175<\/td><td class=\"column-3\">KP4CRN<\/td><td class=\"column-4\">DMR\/C1 S1 TG 330013<\/td><td class=\"column-5\">BB\/GE\/ES<\/td>\n<\/tr>\n<tr class=\"row-39\">\n\t<td class=\"column-1\">BAYAM\u00d3N<\/td><td class=\"column-2\">446.200<\/td><td class=\"column-3\">WP4RNQ<\/td><td class=\"column-4\">127.3<\/td><td class=\"column-5\">BB\/GE<\/td>\n<\/tr>\n<tr class=\"row-40\">\n\t<td class=\"column-1\">GUAYAMA<\/td><td class=\"column-2\">446.300<\/td><td class=\"column-3\">KP4MRC<\/td><td class=\"column-4\">123.0 <\/td><td class=\"column-5\">BB\/GE\/ES<\/td>\n<\/tr>\n<tr class=\"row-41\">\n\t<td class=\"column-1\">AGUAS BUENAS<\/td><td class=\"column-2\">446.500<\/td><td class=\"column-3\">KP4IN<\/td><td class=\"column-4\">136.5 \/ C1 S1 TG<\/td><td class=\"column-5\">BB\/GE<\/td>\n<\/tr>\n<tr class=\"row-42\">\n\t<td class=\"column-1\">MOCA<\/td><td class=\"column-2\">446.525<\/td><td class=\"column-3\">WP3JJ (KP4ECO)<\/td><td class=\"column-4\">94.8 \/ C1 S1 TG 4630<\/td><td class=\"column-5\">BB\/GE<\/td>\n<\/tr>\n<tr class=\"row-43\">\n\t<td class=\"column-1\">SAN SEBASTIAN  <\/td><td class=\"column-2\">446.675<\/td><td class=\"column-3\">KQ4HAC<\/td><td class=\"column-4\">100.0<\/td><td class=\"column-5\">ES<\/td>\n<\/tr>\n<tr class=\"row-44\">\n\t<td class=\"column-1\">PONCE<\/td><td class=\"column-2\">446.700<\/td><td class=\"column-3\">WP4JOT<\/td><td class=\"column-4\">DMR TG 330105 C1 S1<\/td><td class=\"column-5\">GE<\/td>\n<\/tr>\n<tr class=\"row-45\">\n\t<td class=\"column-1\">ISABELA<\/td><td class=\"column-2\">446.875<\/td><td class=\"column-3\">KP4PUA<\/td><td class=\"column-4\">100.0 \/ C4FM FUSION<\/td><td class=\"column-5\">BB\/GE\/ES<\/td>\n<\/tr>\n<tr class=\"row-46\">\n\t<td class=\"column-1\">CAGUAS <\/td><td class=\"column-2\">446.950<\/td><td class=\"column-3\">WP3YQ<\/td><td class=\"column-4\">225.7<\/td><td class=\"column-5\">GE\/ES<\/td>\n<\/tr>\n<tr class=\"row-47\">\n\t<td class=\"column-1\">MOROVIS<\/td><td class=\"column-2\">447.025<\/td><td class=\"column-3\">WP4KY<\/td><td class=\"column-4\">94.8<\/td><td class=\"column-5\">BB<\/td>\n<\/tr>\n<tr class=\"row-48\">\n\t<td class=\"column-1\">BARRANQUITAS<\/td><td class=\"column-2\">447.250<\/td><td class=\"column-3\">KP4LP<\/td><td class=\"column-4\">136.5<\/td><td class=\"column-5\">BB<\/td>\n<\/tr>\n<tr class=\"row-49\">\n\t<td class=\"column-1\">TOA ALTA<\/td><td class=\"column-2\">447.300<\/td><td class=\"column-3\">WP4JSJ<\/td><td class=\"column-4\">DMR\/C1 S1 TG 330013<\/td><td class=\"column-5\">GE<\/td>\n<\/tr>\n<tr class=\"row-50\">\n\t<td class=\"column-1\">ISABELA<\/td><td class=\"column-2\">447.400<\/td><td class=\"column-3\">KP4U<\/td><td class=\"column-4\">100 \/ C4FM FUSION<\/td><td class=\"column-5\">GE\/ES<\/td>\n<\/tr>\n<tr class=\"row-51\">\n\t<td class=\"column-1\">FAJARDO<\/td><td class=\"column-2\">447.475<\/td><td class=\"column-3\">KP4GX<\/td><td class=\"column-4\">225.7<\/td><td class=\"column-5\">BB\/ES<\/td>\n<\/tr>\n<tr class=\"row-52\">\n\t<td class=\"column-1\">CAYEY<\/td><td class=\"column-2\">447.550<\/td><td class=\"column-3\">KP4MSR<\/td><td class=\"column-4\">127.3<\/td><td class=\"column-5\">BB\/GE\/ES<\/td>\n<\/tr>\n<tr class=\"row-53\">\n\t<td class=\"column-1\">UTUADO<\/td><td class=\"column-2\">447.575<\/td><td class=\"column-3\">WP3OF<\/td><td class=\"column-4\">100.0<\/td><td class=\"column-5\">BB\/GE\/ES<\/td>\n<\/tr>\n<tr class=\"row-54\">\n\t<td class=\"column-1\">FAJARDO<\/td><td class=\"column-2\">448.250<\/td><td class=\"column-3\">NP3H<\/td><td class=\"column-4\">OPEN<\/td><td class=\"column-5\">BB\/ES<\/td>\n<\/tr>\n<tr class=\"row-55\">\n\t<td class=\"column-1\">VILLALBA<\/td><td class=\"column-2\">448.400<\/td><td class=\"column-3\">KP4QI<\/td><td class=\"column-4\">136.5<\/td><td class=\"column-5\">GE<\/td>\n<\/tr>\n<tr class=\"row-56\">\n\t<td class=\"column-1\">CANOVANAS<\/td><td class=\"column-2\">448.100<\/td><td class=\"column-3\">KP4HL<\/td><td class=\"column-4\">100.0<\/td><td class=\"column-5\">GE<\/td>\n<\/tr>\n<tr class=\"row-57\">\n\t<td class=\"column-1\">YAUCO<\/td><td class=\"column-2\">448.200<\/td><td class=\"column-3\">KP4KJI<\/td><td class=\"column-4\">100.0<\/td><td class=\"column-5\">BB\/ES<\/td>\n<\/tr>\n<tr class=\"row-58\">\n\t<td class=\"column-1\">LARES<\/td><td class=\"column-2\">448.625<\/td><td class=\"column-3\">KP3CR<\/td><td class=\"column-4\">94.8<\/td><td class=\"column-5\">BB\/GE<\/td>\n<\/tr>\n<tr class=\"row-59\">\n\t<td class=\"column-1\">SAN SEBASTIAN<\/td><td class=\"column-2\">448.650<\/td><td class=\"column-3\">NP4PC<\/td><td class=\"column-4\">100 \/ C4FM FUSION<\/td><td class=\"column-5\">BB\/ES<\/td>\n<\/tr>\n<tr class=\"row-60\">\n\t<td class=\"column-1\">FAJARDO<\/td><td class=\"column-2\">448.725<\/td><td class=\"column-3\">KP4GX<\/td><td class=\"column-4\">OPEN<\/td><td class=\"column-5\">BB\/ES<\/td>\n<\/tr>\n<tr class=\"row-61\">\n\t<td class=\"column-1\">NARANJITO<\/td><td class=\"column-2\">448.800<\/td><td class=\"column-3\">KP4AMV<\/td><td class=\"column-4\">136.5<\/td><td class=\"column-5\">BB\/GE<\/td>\n<\/tr>\n<tr class=\"row-62\">\n\t<td class=\"column-1\">VILLALBA<\/td><td class=\"column-2\">449.025<\/td><td class=\"column-3\">WP3OF<\/td><td class=\"column-4\">100.0<\/td><td class=\"column-5\">BB\/GE\/ES<\/td>\n<\/tr>\n<tr class=\"row-63\">\n\t<td class=\"column-1\">CATA\u00d1O<\/td><td class=\"column-2\">449.125<\/td><td class=\"column-3\">NP3KQ<\/td><td class=\"column-4\">71.0<\/td><td class=\"column-5\">GE<\/td>\n<\/tr>\n<tr class=\"row-64\">\n\t<td class=\"column-1\">PONCE<\/td><td class=\"column-2\">449.150<\/td><td class=\"column-3\">KP4ASD<\/td><td class=\"column-4\">110.9 \/ C4FM FUSION<\/td><td class=\"column-5\">BB\/GE<\/td>\n<\/tr>\n<tr class=\"row-65\">\n\t<td class=\"column-1\">BAYAMON<\/td><td class=\"column-2\">449.175<\/td><td class=\"column-3\">KP4FHT<\/td><td class=\"column-4\">127.3<\/td><td class=\"column-5\">BB\/GE\/ES<\/td>\n<\/tr>\n<tr class=\"row-66\">\n\t<td class=\"column-1\">COROZAL<\/td><td class=\"column-2\">449.250<\/td><td class=\"column-3\">KP3JD<\/td><td class=\"column-4\">100.0 \/ C1 S1 TG 330008<\/td><td class=\"column-5\">GE<\/td>\n<\/tr>\n<tr class=\"row-67\">\n\t<td class=\"column-1\">UTUADO<\/td><td class=\"column-2\">449.400<\/td><td class=\"column-3\">NP4PS<\/td><td class=\"column-4\">67.0<\/td><td class=\"column-5\">BB\/ES<\/td>\n<\/tr>\n<tr class=\"row-68\">\n\t<td class=\"column-1\">VIEQUES<\/td><td class=\"column-2\">449.675<\/td><td class=\"column-3\">NP3MR<\/td><td class=\"column-4\">127.5 \/ C4FM FUSION<\/td><td class=\"column-5\">BB\/GE\/ES<\/td>\n<\/tr>\n<tr class=\"row-69\">\n\t<td class=\"column-1\">RIO GRANDE<\/td><td class=\"column-2\">449.700<\/td><td class=\"column-3\">KP4HL<\/td><td class=\"column-4\">100.0<\/td><td class=\"column-5\">GE<\/td>\n<\/tr>\n<tr class=\"row-70\">\n\t<td class=\"column-1\">JAYUYA<\/td><td class=\"column-2\">449.800<\/td><td class=\"column-3\">KP4CAR<\/td><td class=\"column-4\">127.3<\/td><td class=\"column-5\">BB\/GE<\/td>\n<\/tr>\n<tr class=\"row-71\">\n\t<td class=\"column-1\">GURABO<\/td><td class=\"column-2\">927.100<\/td><td class=\"column-3\">KP4ZZ<\/td><td class=\"column-4\">127.3<\/td><td class=\"column-5\">BB\/GE\/ES<\/td>\n<\/tr>\n<tr class=\"row-72\">\n\t<td class=\"column-1\">SAN LORENZO<\/td><td class=\"column-2\">927.625<\/td><td class=\"column-3\">KP4ZZ<\/td><td class=\"column-4\">107.2<\/td><td class=\"column-5\">BB\/GE\/ES<\/td>\n<\/tr>\n<\/tbody>\n<\/table>\n<span id=\"tablepress-2-description\" class=\"tablepress-table-description tablepress-table-description-id-2\"><\/span>\n<!-- #tablepress-2 from cache -->\n<p>[\/et_pb_text][\/et_pb_column][\/et_pb_row][et_pb_row column_structure=&#8221;1_3,1_3,1_3&#8243; _builder_version=&#8221;4.25.2&#8243; _module_preset=&#8221;default&#8221; animation_style=&#8221;zoom&#8221; animation_delay=&#8221;150ms&#8221; animation_intensity_zoom=&#8221;8%&#8221; global_colors_info=&#8221;{}&#8221;][et_pb_column type=&#8221;1_3&#8243; _builder_version=&#8221;4.25.2&#8243; _module_preset=&#8221;default&#8221; global_colors_info=&#8221;{}&#8221;][et_pb_image src=&#8221;https:\/\/prvi-vfc.org\/web\/wp-content\/uploads\/2025\/05\/grupo-de-personas-usando-radios-de-comunicacion-ante-una-emergencia-mejorada-2.jpg&#8221; title_text=&#8221;grupo de personas usando radios de comunicaci\u00f3n ante una emergencia, mejorada 2&#8243; _builder_version=&#8221;4.25.2&#8243; _module_preset=&#8221;default&#8221; border_width_all=&#8221;3px&#8221; box_shadow_style=&#8221;preset1&#8243; box_shadow_color=&#8221;#0C71C3&#8243; global_colors_info=&#8221;{}&#8221;][\/et_pb_image][\/et_pb_column][et_pb_column type=&#8221;1_3&#8243; _builder_version=&#8221;4.25.2&#8243; _module_preset=&#8221;default&#8221; global_colors_info=&#8221;{}&#8221;][et_pb_image src=&#8221;https:\/\/prvi-vfc.org\/web\/wp-content\/uploads\/2025\/05\/grupo-de-personas-usando-radios-de-comunicacion-ante-una-emergencia-mejorada-1.jpg&#8221; title_text=&#8221;grupo de personas usando radios de comunicaci\u00f3n ante una emergencia, mejorada 1&#8243; _builder_version=&#8221;4.25.2&#8243; _module_preset=&#8221;default&#8221; border_width_all=&#8221;3px&#8221; box_shadow_style=&#8221;preset1&#8243; box_shadow_color=&#8221;#0C71C3&#8243; global_colors_info=&#8221;{}&#8221;][\/et_pb_image][\/et_pb_column][et_pb_column type=&#8221;1_3&#8243; _builder_version=&#8221;4.25.2&#8243; _module_preset=&#8221;default&#8221; global_colors_info=&#8221;{}&#8221;][et_pb_image src=&#8221;https:\/\/prvi-vfc.org\/web\/wp-content\/uploads\/2025\/05\/grupo-de-personas-usando-radios-de-comunicacion-ante-una-emergencia-mejorada.jpg&#8221; title_text=&#8221;grupo de personas usando radios de comunicaci\u00f3n ante una emergencia, mejorada&#8221; _builder_version=&#8221;4.25.2&#8243; _module_preset=&#8221;default&#8221; border_width_all=&#8221;3px&#8221; box_shadow_style=&#8221;preset1&#8243; box_shadow_color=&#8221;#0C71C3&#8243; global_colors_info=&#8221;{}&#8221;][\/et_pb_image][\/et_pb_column][\/et_pb_row][et_pb_row _builder_version=&#8221;4.25.2&#8243; _module_preset=&#8221;default&#8221; global_colors_info=&#8221;{}&#8221;][et_pb_column type=&#8221;4_4&#8243; _builder_version=&#8221;4.25.2&#8243; _module_preset=&#8221;default&#8221; global_colors_info=&#8221;{}&#8221;][et_pb_text _builder_version=&#8221;4.25.2&#8243; _module_preset=&#8221;default&#8221; hover_enabled=&#8221;0&#8243; text_text_shadow_style=&#8221;preset3&#8243; text_text_shadow_color=&#8221;#0C71C3&#8243; global_colors_info=&#8221;{}&#8221; sticky_enabled=&#8221;0&#8243;]<\/p>\n<h2 style=\"text-align: center;\"><strong><span style=\"color: #000080;\">Derechos Reservados 2026<\/span><span>\u00a0<\/span><span style=\"color: #ff0000;\">PRVIVFC<\/span><\/strong><\/h2>\n<p>[\/et_pb_text][\/et_pb_column][\/et_pb_row][\/et_pb_section]<\/p>\n","protected":false},"excerpt":{"rendered":"<p>Repetidores para utilizarlo en caso de emergencia\u00a0 El prop\u00f3sito de esta iniciativa es para que los diferentes grupos de radioaficionados que trabajan las diferentes emergencias puedan tener un banco de repetidores disponibles y para cuando el gobierno active a los radioaficionados tengan una idea de que repetidores puedan usar. Se preparan un listado especial que [&hellip;]<\/p>\n","protected":false},"author":1,"featured_media":0,"parent":0,"menu_order":0,"comment_status":"closed","ping_status":"closed","template":"","meta":{"_et_pb_use_builder":"on","_et_pb_old_content":"","_et_gb_content_width":"","footnotes":""},"class_list":["post-71471","page","type-page","status-publish","hentry"],"_links":{"self":[{"href":"https:\/\/prvi-vfc.org\/web\/wp-json\/wp\/v2\/pages\/71471","targetHints":{"allow":["GET"]}}],"collection":[{"href":"https:\/\/prvi-vfc.org\/web\/wp-json\/wp\/v2\/pages"}],"about":[{"href":"https:\/\/prvi-vfc.org\/web\/wp-json\/wp\/v2\/types\/page"}],"author":[{"embeddable":true,"href":"https:\/\/prvi-vfc.org\/web\/wp-json\/wp\/v2\/users\/1"}],"replies":[{"embeddable":true,"href":"https:\/\/prvi-vfc.org\/web\/wp-json\/wp\/v2\/comments?post=71471"}],"version-history":[{"count":30,"href":"https:\/\/prvi-vfc.org\/web\/wp-json\/wp\/v2\/pages\/71471\/revisions"}],"predecessor-version":[{"id":231069,"href":"https:\/\/prvi-vfc.org\/web\/wp-json\/wp\/v2\/pages\/71471\/revisions\/231069"}],"wp:attachment":[{"href":"https:\/\/prvi-vfc.org\/web\/wp-json\/wp\/v2\/media?parent=71471"}],"curies":[{"name":"wp","href":"https:\/\/api.w.org\/{rel}","templated":true}]}}