{"id":231551,"date":"2026-04-27T11:14:06","date_gmt":"2026-04-27T11:14:06","guid":{"rendered":"https:\/\/prvi-vfc.org\/web\/?page_id=231551"},"modified":"2026-04-27T20:41:09","modified_gmt":"2026-04-27T20:41:09","slug":"solicitudes-para-duplicar-frecuencia","status":"publish","type":"page","link":"https:\/\/prvi-vfc.org\/web\/solicitudes-para-duplicar-frecuencia\/","title":{"rendered":"SOLICITUDES PARA DUPLICAR FRECUENCIA"},"content":{"rendered":"<p>[et_pb_section fb_built=&#8221;1&#8243; _builder_version=&#8221;4.25.2&#8243; _module_preset=&#8221;default&#8221; global_colors_info=&#8221;{}&#8221;][et_pb_row _builder_version=&#8221;4.25.2&#8243; _module_preset=&#8221;default&#8221; custom_padding=&#8221;0px||42px|||&#8221; global_colors_info=&#8221;{}&#8221;][et_pb_column type=&#8221;4_4&#8243; _builder_version=&#8221;4.25.2&#8243; _module_preset=&#8221;default&#8221; global_colors_info=&#8221;{}&#8221;][et_pb_text _builder_version=&#8221;4.25.2&#8243; _module_preset=&#8221;default&#8221; text_font=&#8221;|800|||||||&#8221; custom_margin=&#8221;||-11px|||&#8221; text_text_shadow_style=&#8221;preset1&#8243; text_text_shadow_blur_strength=&#8221;0.37em&#8221; text_text_shadow_color=&#8221;#0C71C3&#8243; global_colors_info=&#8221;{}&#8221;]<\/p>\n<h1 style=\"text-align: center;\"><span style=\"color: #ff0000;\"><strong>Solicitudes para Duplicar Frecuencia<\/strong><\/span><\/h1>\n<p>[\/et_pb_text][\/et_pb_column][\/et_pb_row][et_pb_row _builder_version=&#8221;4.25.2&#8243; _module_preset=&#8221;default&#8221; custom_padding=&#8221;5px|||||&#8221; global_colors_info=&#8221;{}&#8221;][et_pb_column type=&#8221;4_4&#8243; _builder_version=&#8221;4.25.2&#8243; _module_preset=&#8221;default&#8221; global_colors_info=&#8221;{}&#8221;][et_pb_image src=&#8221;https:\/\/prvi-vfc.org\/web\/wp-content\/uploads\/2026\/04\/ChatGPT-Image-27-abr-2026-07_38_41.png&#8221; align=&#8221;center&#8221; _builder_version=&#8221;4.25.2&#8243; _module_preset=&#8221;default&#8221; width=&#8221;80%&#8221; max_width=&#8221;80%&#8221; animation_style=&#8221;zoom&#8221; animation_duration=&#8221;1600ms&#8221; box_shadow_style=&#8221;preset1&#8243; box_shadow_color=&#8221;#0C71C3&#8243; global_colors_info=&#8221;{}&#8221;][\/et_pb_image][\/et_pb_column][\/et_pb_row][et_pb_row _builder_version=&#8221;4.25.2&#8243; _module_preset=&#8221;default&#8221; custom_margin=&#8221;|-444px||239px||&#8221;][et_pb_column _builder_version=&#8221;4.25.2&#8243; _module_preset=&#8221;default&#8221; type=&#8221;4_4&#8243;][et_pb_text _builder_version=&#8221;4.25.2&#8243; _module_preset=&#8221;default&#8221; text_font=&#8221;|800|||||||&#8221; text_text_color=&#8221;#000000&#8243; hover_enabled=&#8221;0&#8243; sticky_enabled=&#8221;0&#8243; width=&#8221;100%&#8221; custom_margin=&#8221;|-765px||-95px||&#8221; custom_padding=&#8221;|0px|1px|0px||&#8221;]<\/p>\n<p><span>En esta secci\u00f3n el trustee primario llenar\u00e1 el formulario para duplicar su frecuencia. El PR VI VFC INC. estudiara su petici\u00f3n y dar\u00e1 su autorizaci\u00f3n para duplicar su frecuencia.<\/span><\/p>\n<p><span style=\"color: #8300e9;\">En la gu\u00eda operacional establece lo siguiente:<\/span><\/p>\n<p><span>En la parte de los derechos:<\/span><\/p>\n<ul>\n<li style=\"list-style-type: none;\">\n<ul>\n<li><span style=\"color: #05468c;\">Duplicar su(s) frecuencia(s) en otro sitie(s) sin causar interferencias usando las normas y procedimientos de coordinaciones nuevas para localizar la(s) frecuencia(s) en el otro sitie nuevo autorizado por PRVIVFC. \u00a0<\/span><\/li>\n<li><span style=\"color: #05468c;\">El trustee primario tiene el derecho el duplicar su frecuencia en otro lugar espec\u00edfico sin causar interferencias y autorizada por la entidad coordinadora.<\/span><\/li>\n<\/ul>\n<\/li>\n<\/ul>\n<p><span>Los trustee debe tener los siguientes puntos antes de duplicar su frecuencia:<\/span><br \/><span>\u00a0 \u00a0&#8211; Se recomienda realizar un estudio de localizar frecuencias cercanas para evitar interferencia.<\/span><br \/><span>\u00a0 \u00a0&#8211; Consultar con los coordinadores de zonas del <span style=\"color: #e02b20;\">PRVIVFC <\/span>su idea de duplicar su frecuencia.<\/span><br \/><span>\u00a0 \u00a0&#8211; Esperar la autorizaci\u00f3n por la Junta del <span style=\"color: #e02b20;\">PRVIVFC<\/span>.<\/span><\/p>\n<p><span>Nota: Siempre esperar la autorizaci\u00f3n por parte de la entidad coordinadora debido a que si causa alguna interferencia el trustee ser\u00e1 responsable de corregir dicha interferencia. Esta prohibido duplicar sin autorizaci\u00f3n.<\/span><\/p>\n<p><span><span style=\"color: #e02b20;\">Nota<\/span>: Este formulario est\u00e1 constituido como lo establece la gu\u00eda operacional del En esta secci\u00f3n el trustee primario llenar\u00e1 el formulario para duplicar su frecuencia. El <span style=\"color: #e02b20;\">PRVIVFC<\/span>\u00a0estudiara su petici\u00f3n y dar\u00e1 su autorizaci\u00f3n para duplicar su frecuencia.<\/span><\/p>\n<p>&nbsp;<\/p>\n<p>[\/et_pb_text][\/et_pb_column][\/et_pb_row][et_pb_row _builder_version=&#8221;4.25.2&#8243; _module_preset=&#8221;default&#8221; custom_margin=&#8221;|auto||88px||&#8221; custom_padding=&#8221;||0px|||&#8221; global_colors_info=&#8221;{}&#8221;][et_pb_column type=&#8221;4_4&#8243; _builder_version=&#8221;4.25.2&#8243; _module_preset=&#8221;default&#8221; global_colors_info=&#8221;{}&#8221;][et_pb_text _builder_version=&#8221;4.25.2&#8243; _module_preset=&#8221;default&#8221; text_font=&#8221;|800|||||||&#8221; custom_margin=&#8221;-68px|-119px||||&#8221; custom_padding=&#8221;|||0px||&#8221; global_colors_info=&#8221;{}&#8221;]<\/p>\n\n<table id=\"tablepress-21\" class=\"tablepress tablepress-id-21\">\n<thead>\n<tr class=\"row-1\">\n\t<th class=\"column-1\">FECHA \/ HORA<\/th><th class=\"column-2\">INDICATIVO \/ CALLSIGN<\/th><th class=\"column-3\">FRECUENCIA DUPLICADA<\/th><th class=\"column-4\">OBSERVACIONES<\/th>\n<\/tr>\n<\/thead>\n<tbody class=\"row-striping row-hover\">\n<tr class=\"row-2\">\n\t<td class=\"column-1\">5\/18\/2022 8:02:52<\/td><td class=\"column-2\">WP4OCD<\/td><td class=\"column-3\">145.230<\/td><td class=\"column-4\">EL TRUSTEE YA NO TIENE SU FRECUENCIA DUPLICADA<\/td>\n<\/tr>\n<tr class=\"row-3\">\n\t<td class=\"column-1\">3\/20\/2023 11:55:20<\/td><td class=\"column-2\">KP4GX<\/td><td class=\"column-3\">447.475<\/td><td class=\"column-4\">MANTIENEN SU FRECUENCIA DUPLICADA<\/td>\n<\/tr>\n<tr class=\"row-4\">\n\t<td class=\"column-1\">6\/6\/2024 10:33:47<\/td><td class=\"column-2\">WP4CG<\/td><td class=\"column-3\">440.650<\/td><td class=\"column-4\">MANTIENEN SU FRECUENCIA DUPLICADA<\/td>\n<\/tr>\n<tr class=\"row-5\">\n\t<td class=\"column-1\">7\/30\/2024 21:32:32<\/td><td class=\"column-2\">WP4ROG<\/td><td class=\"column-3\">446.325<\/td><td class=\"column-4\">MANTIENEN SU FRECUENCIA DUPLICADA<\/td>\n<\/tr>\n<tr class=\"row-6\">\n\t<td class=\"column-1\">12\/23\/2024 10:13:44<\/td><td class=\"column-2\">wp3of<\/td><td class=\"column-3\">440.225<\/td><td class=\"column-4\">MANTIENEN SU FRECUENCIA DUPLICADA<\/td>\n<\/tr>\n<\/tbody>\n<\/table>\n<!-- #tablepress-21 from cache -->\n<p>[\/et_pb_text][\/et_pb_column][\/et_pb_row][\/et_pb_section][et_pb_section fb_built=&#8221;1&#8243; _builder_version=&#8221;4.25.2&#8243; _module_preset=&#8221;default&#8221; global_colors_info=&#8221;{}&#8221;][et_pb_row _builder_version=&#8221;4.25.2&#8243; _module_preset=&#8221;default&#8221; global_colors_info=&#8221;{}&#8221;][et_pb_column type=&#8221;4_4&#8243; _builder_version=&#8221;4.25.2&#8243; _module_preset=&#8221;default&#8221; global_colors_info=&#8221;{}&#8221;][et_pb_image src=&#8221;https:\/\/prvi-vfc.org\/web\/wp-content\/uploads\/2026\/04\/ChatGPT-Image-15-abr-2026-18_41_48-1.png&#8221; align=&#8221;center&#8221; _builder_version=&#8221;4.25.2&#8243; _module_preset=&#8221;default&#8221; width=&#8221;80%&#8221; max_width=&#8221;80%&#8221; custom_margin=&#8221;-161px||-85px|||&#8221; animation_style=&#8221;zoom&#8221; animation_duration=&#8221;1700ms&#8221; global_colors_info=&#8221;{}&#8221;][\/et_pb_image][\/et_pb_column][\/et_pb_row][et_pb_row _builder_version=&#8221;4.25.2&#8243; _module_preset=&#8221;default&#8221; custom_padding=&#8221;0px|||||&#8221; global_colors_info=&#8221;{}&#8221;][et_pb_column type=&#8221;4_4&#8243; _builder_version=&#8221;4.25.2&#8243; _module_preset=&#8221;default&#8221; global_colors_info=&#8221;{}&#8221;][et_pb_text _builder_version=&#8221;4.25.2&#8243; _module_preset=&#8221;default&#8221; text_text_shadow_style=&#8221;preset1&#8243; text_text_shadow_blur_strength=&#8221;0.38em&#8221; text_text_shadow_color=&#8221;#0C71C3&#8243; global_colors_info=&#8221;{}&#8221;]<\/p>\n<h2 style=\"text-align: center;\"><strong><span style=\"color: #000080;\">Derechos Reservados 2026<\/span>\u00a0<span style=\"color: #ff0000;\">PRVIVFC<\/span><\/strong><\/h2>\n<p>[\/et_pb_text][\/et_pb_column][\/et_pb_row][\/et_pb_section]<\/p>\n","protected":false},"excerpt":{"rendered":"<p>Solicitudes para Duplicar FrecuenciaEn esta secci\u00f3n el trustee primario llenar\u00e1 el formulario para duplicar su frecuencia. El PR VI VFC INC. estudiara su petici\u00f3n y dar\u00e1 su autorizaci\u00f3n para duplicar su frecuencia. En la gu\u00eda operacional establece lo siguiente: En la parte de los derechos: Duplicar su(s) frecuencia(s) en otro sitie(s) sin causar interferencias usando [&hellip;]<\/p>\n","protected":false},"author":2,"featured_media":0,"parent":0,"menu_order":0,"comment_status":"closed","ping_status":"closed","template":"","meta":{"_et_pb_use_builder":"on","_et_pb_old_content":"","_et_gb_content_width":"","footnotes":""},"class_list":["post-231551","page","type-page","status-publish","hentry"],"_links":{"self":[{"href":"https:\/\/prvi-vfc.org\/web\/wp-json\/wp\/v2\/pages\/231551","targetHints":{"allow":["GET"]}}],"collection":[{"href":"https:\/\/prvi-vfc.org\/web\/wp-json\/wp\/v2\/pages"}],"about":[{"href":"https:\/\/prvi-vfc.org\/web\/wp-json\/wp\/v2\/types\/page"}],"author":[{"embeddable":true,"href":"https:\/\/prvi-vfc.org\/web\/wp-json\/wp\/v2\/users\/2"}],"replies":[{"embeddable":true,"href":"https:\/\/prvi-vfc.org\/web\/wp-json\/wp\/v2\/comments?post=231551"}],"version-history":[{"count":5,"href":"https:\/\/prvi-vfc.org\/web\/wp-json\/wp\/v2\/pages\/231551\/revisions"}],"predecessor-version":[{"id":231671,"href":"https:\/\/prvi-vfc.org\/web\/wp-json\/wp\/v2\/pages\/231551\/revisions\/231671"}],"wp:attachment":[{"href":"https:\/\/prvi-vfc.org\/web\/wp-json\/wp\/v2\/media?parent=231551"}],"curies":[{"name":"wp","href":"https:\/\/api.w.org\/{rel}","templated":true}]}}